{"id":1065,"date":"2023-01-30T14:19:16","date_gmt":"2023-01-30T14:19:16","guid":{"rendered":"https:\/\/csbc.sbc.org.br\/2023\/?page_id=1065"},"modified":"2023-07-06T15:02:12","modified_gmt":"2023-07-06T15:02:12","slug":"encompif","status":"publish","type":"page","link":"https:\/\/csbc.sbc.org.br\/2023\/encompif\/","title":{"rendered":"ENCompIF"},"content":{"rendered":"\t\t<div data-elementor-type=\"wp-page\" data-elementor-id=\"1065\" class=\"elementor elementor-1065\" data-elementor-post-type=\"page\">\n\t\t\t\t<div class=\"elementor-element elementor-element-39ceafef e-flex e-con-boxed e-con e-parent\" data-id=\"39ceafef\" data-element_type=\"container\" data-e-type=\"container\" data-settings=\"{&quot;background_background&quot;:&quot;video&quot;,&quot;background_video_link&quot;:&quot;https:\\\/\\\/csbc.sbc.org.br\\\/2023\\\/wp-content\\\/uploads\\\/2023\\\/01\\\/O-Circuito-27725.mp4&quot;,&quot;background_play_on_mobile&quot;:&quot;yes&quot;}\">\n\t\t\t\t\t<div class=\"e-con-inner\">\n\t\t<div class=\"elementor-background-video-container\">\n\t\t\t\t\t\t\t<video class=\"elementor-background-video-hosted\" role=\"presentation\" autoplay muted playsinline loop><\/video>\n\t\t\t\t\t<\/div>\t\t<div class=\"elementor-element elementor-element-d50e176 elementor-widget elementor-widget-heading\" data-id=\"d50e176\" data-element_type=\"widget\" data-e-type=\"widget\" data-widget_type=\"heading.default\">\n\t\t\t\t<div class=\"elementor-widget-container\">\n\t\t\t\t\t<h2 class=\"elementor-heading-title elementor-size-default\">ENCompIF - X Encontro Nacional de Computa\u00e7\u00e3o dos Institutos Federais<\/h2>\t\t\t\t<\/div>\n\t\t\t\t<\/div>\n\t\t\t\t<div class=\"elementor-element elementor-element-22bf223f elementor-widget-divider--view-line elementor-widget elementor-widget-divider\" data-id=\"22bf223f\" data-element_type=\"widget\" data-e-type=\"widget\" data-widget_type=\"divider.default\">\n\t\t\t\t<div class=\"elementor-widget-container\">\n\t\t\t\t\t\t\t<div class=\"elementor-divider\">\n\t\t\t<span class=\"elementor-divider-separator\">\n\t\t\t\t\t\t<\/span>\n\t\t<\/div>\n\t\t\t\t\t\t<\/div>\n\t\t\t\t<\/div>\n\t\t\t\t\t<\/div>\n\t\t\t\t<\/div>\n\t\t<div class=\"elementor-element elementor-element-5884282 e-flex e-con-boxed e-con e-parent\" data-id=\"5884282\" data-element_type=\"container\" data-e-type=\"container\">\n\t\t\t\t\t<div class=\"e-con-inner\">\n\t\t\t\t<div class=\"elementor-element elementor-element-a927925 elementor-widget__width-inherit e-n-tabs-mobile elementor-widget elementor-widget-n-tabs\" data-id=\"a927925\" data-element_type=\"widget\" data-e-type=\"widget\" data-widget_type=\"nested-tabs.default\">\n\t\t\t\t<div class=\"elementor-widget-container\">\n\t\t\t\t\t\t\t<div class=\"e-n-tabs\" data-widget-number=\"177371429\" aria-label=\"Abas. Abra itens com &quot;Enter&quot; ou &quot;Espa\u00e7o&quot;, feche com &quot;Escape&quot; e navegue usando as teclas de &quot;Seta&quot;.\">\n\t\t\t<div class=\"e-n-tabs-heading\" role=\"tablist\">\n\t\t\t\t\t<button id=\"e-n-tab-title-1773714291\" data-tab-title-id=\"e-n-tab-title-1773714291\" class=\"e-n-tab-title elementor-animation-sink\" aria-selected=\"true\" data-tab-index=\"1\" role=\"tab\" tabindex=\"0\" aria-controls=\"e-n-tab-content-1773714291\" style=\"--n-tabs-title-order: 1;\">\n\t\t\t\t\t\t<span class=\"e-n-tab-title-text\">\n\t\t\t\tSobre o evento\t\t\t<\/span>\n\t\t<\/button>\n\t\t\t\t<button id=\"e-n-tab-title-1773714292\" data-tab-title-id=\"e-n-tab-title-1773714292\" class=\"e-n-tab-title elementor-animation-sink\" aria-selected=\"false\" data-tab-index=\"2\" role=\"tab\" tabindex=\"-1\" aria-controls=\"e-n-tab-content-1773714292\" style=\"--n-tabs-title-order: 2;\">\n\t\t\t\t\t\t<span class=\"e-n-tab-title-text\">\n\t\t\t\tT\u00f3picos de Interesse\t\t\t<\/span>\n\t\t<\/button>\n\t\t\t\t<button id=\"e-n-tab-title-1773714293\" data-tab-title-id=\"e-n-tab-title-1773714293\" class=\"e-n-tab-title elementor-animation-sink\" aria-selected=\"false\" data-tab-index=\"3\" role=\"tab\" tabindex=\"-1\" aria-controls=\"e-n-tab-content-1773714293\" style=\"--n-tabs-title-order: 3;\">\n\t\t\t\t\t\t<span class=\"e-n-tab-title-text\">\n\t\t\t\tInstru\u00e7\u00f5es para submiss\u00e3o\t\t\t<\/span>\n\t\t<\/button>\n\t\t\t\t<button id=\"e-n-tab-title-1773714294\" data-tab-title-id=\"e-n-tab-title-1773714294\" class=\"e-n-tab-title elementor-animation-sink\" aria-selected=\"false\" data-tab-index=\"4\" role=\"tab\" tabindex=\"-1\" aria-controls=\"e-n-tab-content-1773714294\" style=\"--n-tabs-title-order: 4;\">\n\t\t\t\t\t\t<span class=\"e-n-tab-title-text\">\n\t\t\t\tInforma\u00e7\u00f5es sobre apresenta\u00e7\u00e3o \t\t\t<\/span>\n\t\t<\/button>\n\t\t\t\t<button id=\"e-n-tab-title-1773714295\" data-tab-title-id=\"e-n-tab-title-1773714295\" class=\"e-n-tab-title elementor-animation-sink\" aria-selected=\"false\" data-tab-index=\"5\" role=\"tab\" tabindex=\"-1\" aria-controls=\"e-n-tab-content-1773714295\" style=\"--n-tabs-title-order: 5;\">\n\t\t\t\t\t\t<span class=\"e-n-tab-title-text\">\n\t\t\t\tDatas importantes\t\t\t<\/span>\n\t\t<\/button>\n\t\t\t\t<button id=\"e-n-tab-title-1773714296\" data-tab-title-id=\"e-n-tab-title-1773714296\" class=\"e-n-tab-title elementor-animation-sink\" aria-selected=\"false\" data-tab-index=\"6\" role=\"tab\" tabindex=\"-1\" aria-controls=\"e-n-tab-content-1773714296\" style=\"--n-tabs-title-order: 6;\">\n\t\t\t\t\t\t<span class=\"e-n-tab-title-text\">\n\t\t\t\tPremia\u00e7\u00f5es\t\t\t<\/span>\n\t\t<\/button>\n\t\t\t\t<button id=\"e-n-tab-title-1773714297\" data-tab-title-id=\"e-n-tab-title-1773714297\" class=\"e-n-tab-title elementor-animation-sink\" aria-selected=\"false\" data-tab-index=\"7\" role=\"tab\" tabindex=\"-1\" aria-controls=\"e-n-tab-content-1773714297\" style=\"--n-tabs-title-order: 7;\">\n\t\t\t\t\t\t<span class=\"e-n-tab-title-text\">\n\t\t\t\tPrograma\u00e7\u00e3o\t\t\t<\/span>\n\t\t<\/button>\n\t\t\t\t<button id=\"e-n-tab-title-1773714298\" data-tab-title-id=\"e-n-tab-title-1773714298\" class=\"e-n-tab-title elementor-animation-sink\" aria-selected=\"false\" data-tab-index=\"8\" role=\"tab\" tabindex=\"-1\" aria-controls=\"e-n-tab-content-1773714298\" style=\"--n-tabs-title-order: 8;\">\n\t\t\t\t\t\t<span class=\"e-n-tab-title-text\">\n\t\t\t\tOrganiza\u00e7\u00e3o\t\t\t<\/span>\n\t\t<\/button>\n\t\t\t\t\t<\/div>\n\t\t\t<div class=\"e-n-tabs-content\">\n\t\t\t\t<div id=\"e-n-tab-content-1773714291\" role=\"tabpanel\" aria-labelledby=\"e-n-tab-title-1773714291\" data-tab-index=\"1\" style=\"--n-tabs-title-order: 1;\" class=\"e-active elementor-element elementor-element-d4b1dc7 e-con-full e-flex e-con e-parent\" data-id=\"d4b1dc7\" data-element_type=\"container\" data-e-type=\"container\">\n\t\t\t\t<div class=\"elementor-element elementor-element-01df104 elementor-widget elementor-widget-text-editor\" data-id=\"01df104\" data-element_type=\"widget\" data-e-type=\"widget\" data-widget_type=\"text-editor.default\">\n\t\t\t\t<div class=\"elementor-widget-container\">\n\t\t\t\t\t\t\t\t\t<p>O 10\u00ba Encontro Nacional de Computa\u00e7\u00e3o dos Institutos Federais (ENCompIF) ser\u00e1 realizado em conjunto com o XLIII Congresso da Sociedade Brasileira de Computa\u00e7\u00e3o em Jo\u00e3o Pessoa. O ENCompIF tem por objetivo reunir professores e estudantes dos Institutos Federais e outras institui\u00e7\u00f5es de ensino profissionalizante, tais como os CEFETs e escolas t\u00e9cnicas, que ofertam cursos t\u00e9cnicos em inform\u00e1tica e superiores em computa\u00e7\u00e3o.<\/p>\t\t\t\t\t\t\t\t<\/div>\n\t\t\t\t<\/div>\n\t\t\t\t<\/div>\n\t\t<div id=\"e-n-tab-content-1773714292\" role=\"tabpanel\" aria-labelledby=\"e-n-tab-title-1773714292\" data-tab-index=\"2\" style=\"--n-tabs-title-order: 2;\" class=\" elementor-element elementor-element-8a4678d e-con-full e-flex e-con e-parent\" data-id=\"8a4678d\" data-element_type=\"container\" data-e-type=\"container\">\n\t\t\t\t<div class=\"elementor-element elementor-element-c1dca1d elementor-widget elementor-widget-text-editor\" data-id=\"c1dca1d\" data-element_type=\"widget\" data-e-type=\"widget\" data-widget_type=\"text-editor.default\">\n\t\t\t\t<div class=\"elementor-widget-container\">\n\t\t\t\t\t\t\t\t\t<p>S\u00e3o t\u00f3picos de interesse do evento assuntos das mais diversas \u00e1reas da computa\u00e7\u00e3o. As submiss\u00f5es s\u00e3o divididas dentro do evento n\u00e3o por assunto, mas de acordo com o n\u00edvel escolar (curso t\u00e9cnico ou gradua\u00e7\u00e3o e p\u00f3s-gradua\u00e7\u00e3o) dos alunos participantes do trabalho, ou ainda se o trabalho foi desenvolvido por um docente, que n\u00e3o estava orientando alunos na pesquisa submetida.<\/p><p>O comit\u00ea de programa ir\u00e1 favorecer artigos com maior potencial de gerar discuss\u00f5es durante o ENCompIF e aqueles baseados em alguma forma de valida\u00e7\u00e3o experimental.<\/p>\t\t\t\t\t\t\t\t<\/div>\n\t\t\t\t<\/div>\n\t\t\t\t<\/div>\n\t\t<div id=\"e-n-tab-content-1773714293\" role=\"tabpanel\" aria-labelledby=\"e-n-tab-title-1773714293\" data-tab-index=\"3\" style=\"--n-tabs-title-order: 3;\" class=\" elementor-element elementor-element-cd937db e-con-full e-flex e-con e-parent\" data-id=\"cd937db\" data-element_type=\"container\" data-e-type=\"container\">\n\t\t\t\t<div class=\"elementor-element elementor-element-4576255 elementor-widget-mobile__width-inherit elementor-widget elementor-widget-text-editor\" data-id=\"4576255\" data-element_type=\"widget\" data-e-type=\"widget\" data-widget_type=\"text-editor.default\">\n\t\t\t\t<div class=\"elementor-widget-container\">\n\t\t\t\t\t\t\t\t\t<p>Trabalhos nas diversas \u00e1reas da computa\u00e7\u00e3o poder\u00e3o ser submetidos. Eles dever\u00e3o atender a uma das 3 trilhas abaixo.<\/p><ul><li>Trabalhos onde existe a orienta\u00e7\u00e3o de alunos do ensino m\u00e9dio. Os trabalhos submetidos para esta trilha dever\u00e3o conter 4 p\u00e1ginas;<\/li><li>Trabalhos desenvolvidos em cursos de gradua\u00e7\u00e3o e p\u00f3s-gradua\u00e7\u00e3o. Os trabalhos submetidos para esta trilha dever\u00e3o conter at\u00e9 8 p\u00e1ginas;<\/li><li>Trabalhos que s\u00e3o iniciativas dos professores. Os trabalhos submetidos para esta trilha dever\u00e3o conter at\u00e9 8 p\u00e1ginas.<\/li><\/ul><p>Autores est\u00e3o convidados a submeter artigos t\u00e9cnico-cient\u00edficos no formato SBC (Modelo dispon\u00edvel<a href=\"https:\/\/www.sbc.org.br\/documentos-da-sbc\/summary\/169-templates-para-artigos-e-capitulos-de-livros\/878-modelosparapublicaodeartigos\">\u00a0aqui<\/a>), escritos em Portugu\u00eas ou Ingl\u00eas. As submiss\u00f5es ser\u00e3o feitas eletronicamente atrav\u00e9s do sistema JEMS (<a href=\"https:\/\/submissoes.sbc.org.br\/home.cgi?c=4245\">Clique Aqui<\/a>).<\/p><p>Os trabalhos DEVEM SER SUBMETIDOS no sistema Blind Review (revis\u00e3o cega). Portanto, os autores n\u00e3o podem incluir informa\u00e7\u00f5es que permitam a sua identifica\u00e7\u00e3o (nome, filia\u00e7\u00e3o, explicita\u00e7\u00e3o do autor em refer\u00eancias, nomes de projetos, etc). Artigos que desobedecerem o sistema de Blind Review ser\u00e3o automaticamente rejeitados.<\/p><p>Crit\u00e9rios de revis\u00e3o:<\/p><ul><li>O t\u00f3pico do artigo \u00e9 relevante para a trilha para a qual ele \u00e9 enviado.<\/li><li>O artigo aborda um fen\u00f4meno interessante ou atual.<\/li><li>Os objetivos do artigo foram claramente descritos.<\/li><li>O artigo foi bem organizado para permitir que as ideias apresentadas fluam logicamente.<\/li><li>O artigo cont\u00e9m uma revis\u00e3o apropriada da literatura relevante.<\/li><li>O artigo descreve detalhadamente o m\u00e9todo de pesquisa empregado (somente se relevante).<\/li><li>O artigo fornece uma an\u00e1lise adequada de seus dados (somente se relevante, pois os trabalhos de pesquisa em andamento podem n\u00e3o ter dados analisados).<\/li><li>O artigo discute as implica\u00e7\u00f5es te\u00f3ricas e pr\u00e1ticas dos resultados (os trabalhos de pesquisa em andamento podem discutir as implica\u00e7\u00f5es potenciais do estudo).<\/li><\/ul>\t\t\t\t\t\t\t\t<\/div>\n\t\t\t\t<\/div>\n\t\t\t\t<\/div>\n\t\t<div id=\"e-n-tab-content-1773714294\" role=\"tabpanel\" aria-labelledby=\"e-n-tab-title-1773714294\" data-tab-index=\"4\" style=\"--n-tabs-title-order: 4;\" class=\" elementor-element elementor-element-f5d5ae0 e-con-full e-flex e-con e-parent\" data-id=\"f5d5ae0\" data-element_type=\"container\" data-e-type=\"container\">\n\t\t\t\t<div class=\"elementor-element elementor-element-37ec551 elementor-widget-mobile__width-inherit elementor-widget elementor-widget-text-editor\" data-id=\"37ec551\" data-element_type=\"widget\" data-e-type=\"widget\" data-widget_type=\"text-editor.default\">\n\t\t\t\t<div class=\"elementor-widget-container\">\n\t\t\t\t\t\t\t\t\t<p>Formato da apresenta\u00e7\u00e3o: Os autores de cada trabalho aceito contar\u00e3o com 10 minutos para apresenta\u00e7\u00e3o e mais 5 minutos para que sejam feitas interven\u00e7\u00f5es (perguntas, sugest\u00f5es e outros coment\u00e1rios) por parte do p\u00fablico presente no evento. Recomenda-se a utiliza\u00e7\u00e3o de slides para a apresenta\u00e7\u00e3o, ou outras formas que os autores julgarem necess\u00e1rias (como exibi\u00e7\u00e3o de prot\u00f3tipo e v\u00eddeos), desde que respeitem os 10 minutos para apresenta\u00e7\u00e3o.<\/p>\t\t\t\t\t\t\t\t<\/div>\n\t\t\t\t<\/div>\n\t\t\t\t<\/div>\n\t\t<div id=\"e-n-tab-content-1773714295\" role=\"tabpanel\" aria-labelledby=\"e-n-tab-title-1773714295\" data-tab-index=\"5\" style=\"--n-tabs-title-order: 5;\" class=\" elementor-element elementor-element-c42398a e-con-full e-flex e-con e-parent\" data-id=\"c42398a\" data-element_type=\"container\" data-e-type=\"container\">\n\t\t\t\t<div class=\"elementor-element elementor-element-72df935 elementor-widget elementor-widget-text-editor\" data-id=\"72df935\" data-element_type=\"widget\" data-e-type=\"widget\" data-widget_type=\"text-editor.default\">\n\t\t\t\t<div class=\"elementor-widget-container\">\n\t\t\t\t\t\t\t\t\t<ul><li>Limite para submiss\u00e3o dos trabalhos: <del>05\/03\/2023\u00a0 <\/del>\u00a0 &#8211;\u00a0 <del>20\/03\/2023 <\/del>\u00a0 &#8211;\u00a0 05\/04\/2023 (Final)<\/li><li>Notifica\u00e7\u00e3o dos trabalhos selecionados: <del>05\/05<\/del>\u00a0 &#8211; 20\/05\/2023<\/li><li>Data limite para envio das vers\u00f5es finais dos trabalhos: <del>16\/05<\/del>\u00a0 &#8211;\u00a0 28\/05\/2023<\/li><li>Prazo de inscri\u00e7\u00e3o autores(as): <del>16\/05<\/del>\u00a0 &#8211;\u00a0 05\/07\/2023<\/li><\/ul>\t\t\t\t\t\t\t\t<\/div>\n\t\t\t\t<\/div>\n\t\t\t\t<\/div>\n\t\t<div id=\"e-n-tab-content-1773714296\" role=\"tabpanel\" aria-labelledby=\"e-n-tab-title-1773714296\" data-tab-index=\"6\" style=\"--n-tabs-title-order: 6;\" class=\" elementor-element elementor-element-88bed29 e-con-full e-flex e-con e-parent\" data-id=\"88bed29\" data-element_type=\"container\" data-e-type=\"container\">\n\t\t\t\t<div class=\"elementor-element elementor-element-f9f087c elementor-widget elementor-widget-text-editor\" data-id=\"f9f087c\" data-element_type=\"widget\" data-e-type=\"widget\" data-widget_type=\"text-editor.default\">\n\t\t\t\t<div class=\"elementor-widget-container\">\n\t\t\t\t\t\t\t\t\t<p>Ser\u00e3o selecionados 3 trabalhos que obtiverem as melhores avalia\u00e7\u00f5es, nas trilhas de gradua\u00e7\u00e3o\/p\u00f3s-gradua\u00e7\u00e3o e iniciativa dos professores, para publicar uma vers\u00e3o estendida do paper na Revista de Sistemas e Computa\u00e7\u00e3o (RSC \u2013 Qualis B5).<\/p>\t\t\t\t\t\t\t\t<\/div>\n\t\t\t\t<\/div>\n\t\t\t\t<\/div>\n\t\t<div id=\"e-n-tab-content-1773714297\" role=\"tabpanel\" aria-labelledby=\"e-n-tab-title-1773714297\" data-tab-index=\"7\" style=\"--n-tabs-title-order: 7;\" class=\" elementor-element elementor-element-de29a42 e-con-full e-flex e-con e-parent\" data-id=\"de29a42\" data-element_type=\"container\" data-e-type=\"container\">\n\t\t\t\t<div class=\"elementor-element elementor-element-5ac9c76 elementor-widget elementor-widget-text-editor\" data-id=\"5ac9c76\" data-element_type=\"widget\" data-e-type=\"widget\" data-widget_type=\"text-editor.default\">\n\t\t\t\t<div class=\"elementor-widget-container\">\n\t\t\t\t\t\t\t\t\t<p style=\"text-align: center;\"><span style=\"color: #000080;\"><strong>Programa\u00e7\u00e3o ENCompIF<\/strong><\/span><\/p><p><strong>9:00 &#8211; 10:00 &#8211; Palestra<\/strong><br \/>10\u00aa edi\u00e7\u00e3o do ENCompIF &#8211; hist\u00f3rico e perspectivas futuras<\/p><p><strong>10:00 &#8211; 10:30 Sess\u00e3o 1: Trabalhos onde Existe a Orienta\u00e7\u00e3o de Alunos do Ensino M\u00e9dio<\/strong><br \/>&#8211; Analise do desempenho dos estudantes na disciplina de Programa\u00e7\u00e3o de Computadores utilizando princ\u00edpios de comunidades em Redes Complexas<br \/>&#8211; Identifica\u00e7\u00e3o de Soft Skills a Partir da Avalia\u00e7\u00e3o de An\u00fancios de Vagas em Tecnologia da Informa\u00e7\u00e3o<\/p><p><strong>10:30 &#8211; 11:00 Intervalo para Coffee-break<\/strong><br \/><br \/><strong>11:00 &#8211; 12:30 Sess\u00e3o 1: Trabalhos onde Existe a Orienta\u00e7\u00e3o de Alunos do Ensino M\u00e9dio<\/strong><br \/>&#8211; Analisando as Soft Skills do Ponto de Vista dos Profissionais de Informatica<br \/>&#8211; Explora\u00e7\u00e3o e Visualiza\u00e7\u00e3o de Padr\u00f5es Criminais<br \/>&#8211; Estudo Comparativo entre um Algoritmo de Evolu\u00e7\u00e3o Diferencial e um algoritmo Genetico para classifica\u00e7\u00e3o de Fake News na Web<br \/><br \/><strong>11:00 &#8211; 12:30 Sess\u00e3o 2: Trabalhos Desenvolvidos em Cursos de Gradua\u00e7\u00e3o e P\u00f3s-Gradua\u00e7\u00e3o<br \/><\/strong>&#8211; Uma Abordagem a DeepFake via Algoritmos de Aprendizagem Profunda<br \/>&#8211; Epidemiology: Analysis And Construction Of A Mathematical And Computational Model In Complex Systems For The COVID-19 Pandemic<br \/>&#8211; Contagem de Fibras em Imagens de Tomografia Ultrassonica em Matriz Cimentaria usando Laplacian of Gaussian<br \/>&#8211; Influencia de Medidas da Topologia de Redes de Ruas na Analise da Mobilidade Urbana: <br \/>&#8211; Um Estudo Aplicado a Cidade de Joao Pessoa \u2013 PB Um estudo comparativo de caracter\u00edsticas das ferramentas de automa\u00e7\u00e3o de teste end-to-end: Cypress vs QA Wolf vs TestCafe<br \/><br \/><strong>12:30 &#8211; 14:00 Intervalo para Almo\u00e7o<\/strong><br \/><br \/><strong>14:00 &#8211; 17:00 Sess\u00e3o 2: Trabalhos Desenvolvidos em Cursos de Gradua\u00e7\u00e3o e P\u00f3s-Gradua\u00e7\u00e3o<br \/><\/strong>&#8211; Os Institutos Federais e a Curriculariza\u00e7\u00e3o da Extens\u00e3o: uma Analise da Regi\u00e3o Centro-Oeste do Brasil<br \/>&#8211; Acesso a forma\u00e7\u00e3o em Intelig\u00eancia Artificial para pessoas de baixa renda: um Estudo de Caso em Sergipe<br \/>&#8211; Utilizando Question Answering no Aux\u00edlio ao Processo de Ensino e Aprendizagem de Programa\u00e7\u00e3o: Um Estudo de Caso com BERT e ChatGPT<br \/><br \/><strong>14:00 &#8211; 17:00 Sess\u00e3o 3: Trabalhos que s\u00e3o Iniciativa dos Professores<br \/><\/strong>&#8211; Analise da aplica\u00e7\u00e3o de metodologias ativas em disciplina de Logica de Programa\u00e7\u00e3o<br \/>&#8211; Encerramento com Divulga\u00e7\u00e3o dos Melhores Trabalhos<\/p>\t\t\t\t\t\t\t\t<\/div>\n\t\t\t\t<\/div>\n\t\t\t\t<\/div>\n\t\t<div id=\"e-n-tab-content-1773714298\" role=\"tabpanel\" aria-labelledby=\"e-n-tab-title-1773714298\" data-tab-index=\"8\" style=\"--n-tabs-title-order: 8;\" class=\" elementor-element elementor-element-4886012 e-con-full e-flex e-con e-parent\" data-id=\"4886012\" data-element_type=\"container\" data-e-type=\"container\">\n\t\t\t\t<div class=\"elementor-element elementor-element-88e880a elementor-widget elementor-widget-text-editor\" data-id=\"88e880a\" data-element_type=\"widget\" data-e-type=\"widget\" data-widget_type=\"text-editor.default\">\n\t\t\t\t<div class=\"elementor-widget-container\">\n\t\t\t\t\t\t\t\t\t<p><span style=\"color: #000021;\"><strong>Organizadores Gerais:<\/strong><\/span><\/p><p>Carlos Roberto de Oliveira Junior (IFRJ) \u2013 carlos.roberto@ifrj.edu.br<\/p><p><span style=\"color: #000021;\"><strong>Organizadores do Comit\u00ea de Programa:<\/strong><\/span><\/p><p>Guilherme \u00c1lvaro Rodrigues Maia Esmeraldo (IFCE) \u2013 guilhermealvaro@ifce.edu.br<\/p><p><span style=\"color: #000021;\"><strong>Organizador\u00a0 local:<\/strong><\/span><\/p><p>Em constru\u00e7\u00e3o<\/p><p><span style=\"color: #000021;\"><strong>Comit\u00ea de Programa (TPC):<\/strong><\/span><\/p><div dir=\"auto\">Alvaro Rogerio Cantieri<\/div><div dir=\"auto\">Anderson Passos de Arag\u00e3o<\/div><div dir=\"auto\">Andr\u00e9 Constantino da Silva<\/div><div dir=\"auto\">Andr\u00e9 Fabiano de Moraes<\/div><div dir=\"auto\">Andr\u00e9 Luiz Leite Ferreira<\/div><div dir=\"auto\">Carlos Alexandre Silva<\/div><div dir=\"auto\">Carlos Eduardo Paulino Silva<\/div><div dir=\"auto\">Carlos Roberto dos Santos J\u00fanior<\/div><div dir=\"auto\">C\u00e9sar Alberto da Silva<\/div><div dir=\"auto\">Claiton Marques Correa<\/div><div dir=\"auto\">Cleverton Juliano Alves Vicentini<\/div><div dir=\"auto\">Daniel Lima Gomes Jr.<\/div><div dir=\"auto\">Djan Almeida Santos<\/div><div dir=\"auto\">Danyllo Wagner Albuquerque<\/div><div dir=\"auto\">Eduardo Filgueiras Damasceno<\/div><div dir=\"auto\">Emanuel Dantas Filho<\/div><div dir=\"auto\">Emmanuel S\u00e1vio Silva Freire<\/div><div dir=\"auto\">Fabio de Jesus Lima Gomes<\/div><div dir=\"auto\">F\u00e1bio Lorenzi da Silva<\/div><div dir=\"auto\">Felipe Barbosa Ara\u00fajo Ramos<\/div><div dir=\"auto\">Gilvan Martins Dur\u00e3es<\/div><div dir=\"auto\">Gleizer Bierhalz Voss<\/div><div dir=\"auto\">Harley Mac\u00eado de Mello<\/div><div dir=\"auto\">Hiran Nonato Macedo Ferreira<\/div><div dir=\"auto\">Jo\u00e3o Ot\u00e1vio Bandeira Diniz<\/div><div dir=\"auto\">Jo\u00e3o Roberto de Toledo Quadros<\/div><div dir=\"auto\">Jos\u00e9 Almir Freire de Moura J\u00fanior<\/div><div dir=\"auto\">Klenilmar Lopes Dias<\/div><div dir=\"auto\">Leonardo Ronald Perin Rauta<\/div><div dir=\"auto\">Leonardo Vianna do Nascimento<\/div><div dir=\"auto\">Luciana Maria Vieira P\u00f6ttker<\/div><div dir=\"auto\">Marcelo Machado Cunha<\/div><div dir=\"auto\">Marcelo Rios Kwecko<\/div><div dir=\"auto\">Marc\u00edlio Ferreira de Souza J\u00fanior<\/div><div dir=\"auto\">Marcos Yuzuru de Oliveira Camada<\/div><div dir=\"auto\">Maykon Chagas de Souza<\/div><div dir=\"auto\">Omar Andres Carmona Cortes<\/div><div dir=\"auto\">Pablo Freire Matos<\/div><div dir=\"auto\">Rafael Baldiati Parizi<\/div><div dir=\"auto\">Rafael Leonardo Vivian<\/div><div dir=\"auto\">Ramon Gustavo Teodoro Marques da Silva<\/div><div dir=\"auto\">Raphael de Aquino Gomes<\/div><div dir=\"auto\">Ricardo Rubens Gomes Nunes Filho<\/div><div dir=\"auto\">Roberto Duarte Fontes<\/div><div dir=\"auto\">Robson Gon\u00e7alves Fechine Feitosa<\/div><div dir=\"auto\">Rodrigo Cesar Lira da Silva<\/div><div dir=\"auto\">Simone da Silva Amorim<\/div><div dir=\"auto\">Thatiane de Oliveira Rosa<\/div><div dir=\"auto\">Thiago Magela Rodrigues Dias<\/div><div dir=\"auto\">Walkiria Helena Cordenonzi<\/div>\t\t\t\t\t\t\t\t<\/div>\n\t\t\t\t<\/div>\n\t\t\t\t<\/div>\n\t\t\t\t\t<\/div>\n\t\t<\/div>\n\t\t\t\t\t\t<\/div>\n\t\t\t\t<\/div>\n\t\t\t\t\t<\/div>\n\t\t\t\t<\/div>\n\t\t\t\t<\/div>\n\t\t","protected":false},"excerpt":{"rendered":"<p>Sobre o evento T\u00f3picos de Interesse Instru\u00e7\u00f5es para submiss\u00e3o Informa\u00e7\u00f5es sobre apresenta\u00e7\u00e3o Datas importantes Premia\u00e7\u00f5es Programa\u00e7\u00e3o Organiza\u00e7\u00e3o Sobre o evento O 10\u00ba Encontro Nacional de Computa\u00e7\u00e3o dos Institutos Federais (ENCompIF) ser\u00e1 realizado em conjunto com o XLIII Congresso da Sociedade Brasileira de Computa\u00e7\u00e3o em Jo\u00e3o Pessoa. O ENCompIF tem por objetivo reunir professores e estudantes [&hellip;]<\/p>\n","protected":false},"author":1,"featured_media":0,"parent":0,"menu_order":0,"comment_status":"closed","ping_status":"closed","template":"","meta":{"footnotes":""},"folder":[12],"class_list":["post-1065","page","type-page","status-publish","hentry"],"_links":{"self":[{"href":"https:\/\/csbc.sbc.org.br\/2023\/wp-json\/wp\/v2\/pages\/1065","targetHints":{"allow":["GET"]}}],"collection":[{"href":"https:\/\/csbc.sbc.org.br\/2023\/wp-json\/wp\/v2\/pages"}],"about":[{"href":"https:\/\/csbc.sbc.org.br\/2023\/wp-json\/wp\/v2\/types\/page"}],"author":[{"embeddable":true,"href":"https:\/\/csbc.sbc.org.br\/2023\/wp-json\/wp\/v2\/users\/1"}],"replies":[{"embeddable":true,"href":"https:\/\/csbc.sbc.org.br\/2023\/wp-json\/wp\/v2\/comments?post=1065"}],"version-history":[{"count":28,"href":"https:\/\/csbc.sbc.org.br\/2023\/wp-json\/wp\/v2\/pages\/1065\/revisions"}],"predecessor-version":[{"id":3208,"href":"https:\/\/csbc.sbc.org.br\/2023\/wp-json\/wp\/v2\/pages\/1065\/revisions\/3208"}],"wp:attachment":[{"href":"https:\/\/csbc.sbc.org.br\/2023\/wp-json\/wp\/v2\/media?parent=1065"}],"wp:term":[{"taxonomy":"folder","embeddable":true,"href":"https:\/\/csbc.sbc.org.br\/2023\/wp-json\/wp\/v2\/folder?post=1065"}],"curies":[{"name":"wp","href":"https:\/\/api.w.org\/{rel}","templated":true}]}}