{"id":1070,"date":"2023-01-30T14:23:14","date_gmt":"2023-01-30T14:23:14","guid":{"rendered":"https:\/\/csbc.sbc.org.br\/2023\/?page_id=1070"},"modified":"2023-07-31T19:57:48","modified_gmt":"2023-07-31T19:57:48","slug":"escola-de-inverno-da-maratona-de-programacao","status":"publish","type":"page","link":"https:\/\/csbc.sbc.org.br\/2023\/escola-de-inverno-da-maratona-de-programacao\/","title":{"rendered":"Escola de Inverno da Maratona de Programa\u00e7\u00e3o"},"content":{"rendered":"\t\t<div data-elementor-type=\"wp-page\" data-elementor-id=\"1070\" class=\"elementor elementor-1070\" data-elementor-post-type=\"page\">\n\t\t\t\t<div class=\"elementor-element elementor-element-39ceafef e-flex e-con-boxed e-con e-parent\" data-id=\"39ceafef\" data-element_type=\"container\" data-e-type=\"container\" data-settings=\"{&quot;background_background&quot;:&quot;video&quot;,&quot;background_video_link&quot;:&quot;https:\\\/\\\/csbc.sbc.org.br\\\/2023\\\/wp-content\\\/uploads\\\/2023\\\/01\\\/O-Circuito-27725.mp4&quot;,&quot;background_play_on_mobile&quot;:&quot;yes&quot;}\">\n\t\t\t\t\t<div class=\"e-con-inner\">\n\t\t<div class=\"elementor-background-video-container\">\n\t\t\t\t\t\t\t<video class=\"elementor-background-video-hosted\" role=\"presentation\" autoplay muted playsinline loop><\/video>\n\t\t\t\t\t<\/div>\t\t<div class=\"elementor-element elementor-element-d50e176 elementor-widget elementor-widget-heading\" data-id=\"d50e176\" data-element_type=\"widget\" data-e-type=\"widget\" data-widget_type=\"heading.default\">\n\t\t\t\t<div class=\"elementor-widget-container\">\n\t\t\t\t\t<h2 class=\"elementor-heading-title elementor-size-default\">Escola de Inverno da Maratona de Programa\u00e7\u00e3o<\/h2>\t\t\t\t<\/div>\n\t\t\t\t<\/div>\n\t\t\t\t<div class=\"elementor-element elementor-element-22bf223f elementor-widget-divider--view-line elementor-widget elementor-widget-divider\" data-id=\"22bf223f\" data-element_type=\"widget\" data-e-type=\"widget\" data-widget_type=\"divider.default\">\n\t\t\t\t<div class=\"elementor-widget-container\">\n\t\t\t\t\t\t\t<div class=\"elementor-divider\">\n\t\t\t<span class=\"elementor-divider-separator\">\n\t\t\t\t\t\t<\/span>\n\t\t<\/div>\n\t\t\t\t\t\t<\/div>\n\t\t\t\t<\/div>\n\t\t\t\t\t<\/div>\n\t\t\t\t<\/div>\n\t\t<div class=\"elementor-element elementor-element-5884282 e-flex e-con-boxed e-con e-parent\" data-id=\"5884282\" data-element_type=\"container\" data-e-type=\"container\">\n\t\t\t\t\t<div class=\"e-con-inner\">\n\t\t\t\t<div class=\"elementor-element elementor-element-a927925 elementor-widget__width-inherit e-n-tabs-mobile elementor-widget elementor-widget-n-tabs\" data-id=\"a927925\" data-element_type=\"widget\" data-e-type=\"widget\" data-widget_type=\"nested-tabs.default\">\n\t\t\t\t<div class=\"elementor-widget-container\">\n\t\t\t\t\t\t\t<div class=\"e-n-tabs\" data-widget-number=\"177371429\" aria-label=\"Abas. Abra itens com &quot;Enter&quot; ou &quot;Espa\u00e7o&quot;, feche com &quot;Escape&quot; e navegue usando as teclas de &quot;Seta&quot;.\">\n\t\t\t<div class=\"e-n-tabs-heading\" role=\"tablist\">\n\t\t\t\t\t<button id=\"e-n-tab-title-1773714291\" data-tab-title-id=\"e-n-tab-title-1773714291\" class=\"e-n-tab-title elementor-animation-sink\" aria-selected=\"true\" data-tab-index=\"1\" role=\"tab\" tabindex=\"0\" aria-controls=\"e-n-tab-content-1773714291\" style=\"--n-tabs-title-order: 1;\">\n\t\t\t\t\t\t<span class=\"e-n-tab-title-text\">\n\t\t\t\tSobre o evento\t\t\t<\/span>\n\t\t<\/button>\n\t\t\t\t<button id=\"e-n-tab-title-1773714292\" data-tab-title-id=\"e-n-tab-title-1773714292\" class=\"e-n-tab-title elementor-animation-sink\" aria-selected=\"false\" data-tab-index=\"2\" role=\"tab\" tabindex=\"-1\" aria-controls=\"e-n-tab-content-1773714292\" style=\"--n-tabs-title-order: 2;\">\n\t\t\t\t\t\t<span class=\"e-n-tab-title-text\">\n\t\t\t\tFormato\t\t\t<\/span>\n\t\t<\/button>\n\t\t\t\t<button id=\"e-n-tab-title-1773714293\" data-tab-title-id=\"e-n-tab-title-1773714293\" class=\"e-n-tab-title elementor-animation-sink\" aria-selected=\"false\" data-tab-index=\"3\" role=\"tab\" tabindex=\"-1\" aria-controls=\"e-n-tab-content-1773714293\" style=\"--n-tabs-title-order: 3;\">\n\t\t\t\t\t\t<span class=\"e-n-tab-title-text\">\n\t\t\t\tInstrutores e Temas\t\t\t<\/span>\n\t\t<\/button>\n\t\t\t\t<button id=\"e-n-tab-title-1773714294\" data-tab-title-id=\"e-n-tab-title-1773714294\" class=\"e-n-tab-title elementor-animation-sink\" aria-selected=\"false\" data-tab-index=\"4\" role=\"tab\" tabindex=\"-1\" aria-controls=\"e-n-tab-content-1773714294\" style=\"--n-tabs-title-order: 4;\">\n\t\t\t\t\t\t<span class=\"e-n-tab-title-text\">\n\t\t\t\tVagas e Inscri\u00e7\u00f5es\t\t\t<\/span>\n\t\t<\/button>\n\t\t\t\t<button id=\"e-n-tab-title-1773714295\" data-tab-title-id=\"e-n-tab-title-1773714295\" class=\"e-n-tab-title elementor-animation-sink\" aria-selected=\"false\" data-tab-index=\"5\" role=\"tab\" tabindex=\"-1\" aria-controls=\"e-n-tab-content-1773714295\" style=\"--n-tabs-title-order: 5;\">\n\t\t\t\t\t\t<span class=\"e-n-tab-title-text\">\n\t\t\t\tMaratona de Inverno\t\t\t<\/span>\n\t\t<\/button>\n\t\t\t\t<button id=\"e-n-tab-title-1773714296\" data-tab-title-id=\"e-n-tab-title-1773714296\" class=\"e-n-tab-title elementor-animation-sink\" aria-selected=\"false\" data-tab-index=\"6\" role=\"tab\" tabindex=\"-1\" aria-controls=\"e-n-tab-content-1773714296\" style=\"--n-tabs-title-order: 6;\">\n\t\t\t\t\t\t<span class=\"e-n-tab-title-text\">\n\t\t\t\tOrganiza\u00e7\u00e3o\t\t\t<\/span>\n\t\t<\/button>\n\t\t\t\t\t<\/div>\n\t\t\t<div class=\"e-n-tabs-content\">\n\t\t\t\t<div id=\"e-n-tab-content-1773714291\" role=\"tabpanel\" aria-labelledby=\"e-n-tab-title-1773714291\" data-tab-index=\"1\" style=\"--n-tabs-title-order: 1;\" class=\"e-active elementor-element elementor-element-d4b1dc7 e-con-full e-flex e-con e-parent\" data-id=\"d4b1dc7\" data-element_type=\"container\" data-e-type=\"container\">\n\t\t\t\t<div class=\"elementor-element elementor-element-01df104 elementor-widget elementor-widget-text-editor\" data-id=\"01df104\" data-element_type=\"widget\" data-e-type=\"widget\" data-widget_type=\"text-editor.default\">\n\t\t\t\t<div class=\"elementor-widget-container\">\n\t\t\t\t\t\t\t\t\t<p>A Escola de Inverno da Maratona de Programa\u00e7\u00e3o \u00e9 um evento realizado junto ao CSBC, em 2023 est\u00e1 na sua quarta edi\u00e7\u00e3o. O objetivo da escola \u00e9 proporcionar treinamento aos estudantes interessados nas Maratonas de Programa\u00e7\u00e3o, principalmente na Maratona da SBC.<\/p><p>Para mais informa\u00e7\u00f5es, <a href=\"https:\/\/csbc.sbc.org.br\/2023\/wp-content\/uploads\/2023\/07\/Escola-de-Inverno-Sobre.pdf\">baixe o arquivo completo sobre o evento em formato PDF<\/a>.<\/p>\t\t\t\t\t\t\t\t<\/div>\n\t\t\t\t<\/div>\n\t\t\t\t<\/div>\n\t\t<div id=\"e-n-tab-content-1773714292\" role=\"tabpanel\" aria-labelledby=\"e-n-tab-title-1773714292\" data-tab-index=\"2\" style=\"--n-tabs-title-order: 2;\" class=\" elementor-element elementor-element-e42e3b7 e-con-full e-flex e-con e-parent\" data-id=\"e42e3b7\" data-element_type=\"container\" data-e-type=\"container\">\n\t\t<div class=\"elementor-element elementor-element-d0eb44c e-flex e-con-boxed e-con e-parent\" data-id=\"d0eb44c\" data-element_type=\"container\" data-e-type=\"container\">\n\t\t\t\t\t<div class=\"e-con-inner\">\n\t\t\t\t<div class=\"elementor-element elementor-element-9e01775 elementor-widget elementor-widget-text-editor\" data-id=\"9e01775\" data-element_type=\"widget\" data-e-type=\"widget\" data-widget_type=\"text-editor.default\">\n\t\t\t\t<div class=\"elementor-widget-container\">\n\t\t\t\t\t\t\t\t\t<p>A Escola de Inverno ser\u00e1 realizada no formato presencial, organizada em 04 (quatro) dias, come\u00e7ando no dia 06\/08\/2023 (domingo), conforme programa\u00e7\u00e3o a seguir:<\/p><div title=\"Page 1\"><table><tbody><tr><td><b>Turno<br \/><\/b><\/td><td><b>Domingo<br \/><\/b><\/td><td><b>Segunda<br \/><\/b><\/td><td><b>Terc\u0327a<br \/><\/b><\/td><td><b>Quarta<br \/><\/b><\/td><\/tr><tr><td><b>Manha\u0303<\/b><br \/>09:00 &#8211; 12:30<\/td><td>&#8211;<\/td><td>Aula<\/td><td>Aula<\/td><td>Maratona de Inverno<\/td><\/tr><tr><td><b> Tarde<\/b><br \/>14:00 &#8211; 17:00<\/td><td>Abertura<br \/>Aula<\/td><td>Exerci\u0301cios<\/td><td>Exerc\u00edcios<\/td><td>Mesa<br \/>Redonda<\/td><\/tr><\/tbody><\/table><\/div><p><span style=\"color: var( --e-global-color-text ); font-family: var( --e-global-typography-text-font-family ), Sans-serif; font-weight: var( --e-global-typography-text-font-weight ); text-align: var(--text-align); font-size: 1rem;\">Nos tr\u00eas primeiros dias ser\u00e3o discutidos temas relacionados com a Programa\u00e7\u00e3o Competitiva, com a realiza\u00e7\u00e3o de exerc\u00edcios que ser\u00e3o discutidos ao final de cada dia.<\/span><\/p><p>No \u00faltimo dia, no turno da manh\u00e3, ser\u00e1 realizada a &#8220;Maratona de Inverno&#8221; com problemas relacionados aos temas abordados durante as aulas, al\u00e9m de outros. Na parte da tarde, os competidores participar\u00e3o da &#8220;Mesa Redonda&#8221;, onde ocorrer\u00e1 a discuss\u00e3o dos problemas apresentados durante a maratona, al\u00e9m da cerim\u00f4nia de entrega da premia\u00e7\u00e3o.<\/p><p>\u00a0<\/p><div title=\"Page 1\"><div><div><div>\u00a0<\/div><\/div><\/div><\/div>\t\t\t\t\t\t\t\t<\/div>\n\t\t\t\t<\/div>\n\t\t\t\t\t<\/div>\n\t\t\t\t<\/div>\n\t\t\t\t<\/div>\n\t\t<div id=\"e-n-tab-content-1773714293\" role=\"tabpanel\" aria-labelledby=\"e-n-tab-title-1773714293\" data-tab-index=\"3\" style=\"--n-tabs-title-order: 3;\" class=\" elementor-element elementor-element-f5d5ae0 e-con-full e-flex e-con e-parent\" data-id=\"f5d5ae0\" data-element_type=\"container\" data-e-type=\"container\">\n\t\t\t\t<div class=\"elementor-element elementor-element-37ec551 elementor-widget-mobile__width-inherit elementor-widget elementor-widget-text-editor\" data-id=\"37ec551\" data-element_type=\"widget\" data-e-type=\"widget\" data-widget_type=\"text-editor.default\">\n\t\t\t\t<div class=\"elementor-widget-container\">\n\t\t\t\t\t\t\t\t\t<p>Os temas abordados nas aulas ser\u00e3o ministrados por renomados professores nacionais especializados em Programa\u00e7\u00e3o Competitiva, incluindo ex-maratonistas.<br>Ser\u00e3o explorados 03 (tr\u00eas) temas distintos, conforme descritos a seguir:<\/p>\n<div class=\"page\" title=\"Page 2\">\n<table>\n<tbody>\n<tr>\n<td><b><br>\n#<br>\n<\/b><\/td>\n<td><b><br>\nTema<\/b><\/td>\n<td><b><br>\nInstrutor<\/b><\/td>\n<\/tr>\n<tr>\n<td>\n1<\/td>\n<td>\nAlgoritmos em Grafos<\/td>\n<td>\n<a target=\"_blank\" href=\"https:\/\/www.ic.unicamp.br\/~rafael\/\">Rafael C. S. Schouery<\/a><\/td>\n<\/tr>\n<tr>\n<td>\n2\n<\/td>\n<td>\nEstruturas de Dados\n<\/td>\n<td>\n<a href=\"https:\/\/www.linkedin.com\/in\/brunomont\">Bruno&nbsp;Monteiro<\/a><\/td>\n<\/tr>\n<tr>\n<td>\n3\n<\/td>\n<td>\nTeoria dos Nu\u0301meros\n<\/td>\n<td>\n<a target=\"_blank\" href=\"https:\/\/www.inf.ufpr.br\/fmkiotheka\/\">Fernando Monteiro<\/a>\n<\/td>\n<\/tr>\n<\/tbody>\n<\/table>\n<\/div>\t\t\t\t\t\t\t\t<\/div>\n\t\t\t\t<\/div>\n\t\t\t\t<\/div>\n\t\t<div id=\"e-n-tab-content-1773714294\" role=\"tabpanel\" aria-labelledby=\"e-n-tab-title-1773714294\" data-tab-index=\"4\" style=\"--n-tabs-title-order: 4;\" class=\" elementor-element elementor-element-cd937db e-con-full e-flex e-con e-parent\" data-id=\"cd937db\" data-element_type=\"container\" data-e-type=\"container\">\n\t\t\t\t<div class=\"elementor-element elementor-element-4576255 elementor-widget-mobile__width-inherit elementor-widget elementor-widget-text-editor\" data-id=\"4576255\" data-element_type=\"widget\" data-e-type=\"widget\" data-widget_type=\"text-editor.default\">\n\t\t\t\t<div class=\"elementor-widget-container\">\n\t\t\t\t\t\t\t\t\t<p><span style=\"color: var( --e-global-color-text ); text-align: var(--text-align); font-size: 1rem;\">Est\u00e3o sendo oferecidas 42 (quarenta e duas) vagas para participa\u00e7\u00e3o na Escola de Inverno da Maratona de Programa\u00e7\u00e3o.<\/span><\/p><p>Para se inscrever, \u00e9 necess\u00e1rio estar registrado no CSBC 2023 e realizar o pagamento de uma taxa no valor de R$ 20,00 (vinte reais). O processo de inscri\u00e7\u00e3o ocorre diretamente pelo sistema de inscri\u00e7\u00f5es do CSBC 2023.<\/p><p>Fa\u00e7a sua inscri\u00e7\u00e3o em: <strong><a href=\"https:\/\/centraldesistemas.sbc.org.br\/ecos\/csbc2023\">https:\/\/centraldesistemas.sbc.org.br\/ecos\/csbc2023<\/a><\/strong><\/p>\t\t\t\t\t\t\t\t<\/div>\n\t\t\t\t<\/div>\n\t\t\t\t<\/div>\n\t\t<div id=\"e-n-tab-content-1773714295\" role=\"tabpanel\" aria-labelledby=\"e-n-tab-title-1773714295\" data-tab-index=\"5\" style=\"--n-tabs-title-order: 5;\" class=\" elementor-element elementor-element-88bed29 e-con-full e-flex e-con e-parent\" data-id=\"88bed29\" data-element_type=\"container\" data-e-type=\"container\">\n\t\t\t\t<div class=\"elementor-element elementor-element-f9f087c elementor-widget elementor-widget-text-editor\" data-id=\"f9f087c\" data-element_type=\"widget\" data-e-type=\"widget\" data-widget_type=\"text-editor.default\">\n\t\t\t\t<div class=\"elementor-widget-container\">\n\t\t\t\t\t\t\t\t\t<p>Pela primeira vez, ser\u00e1 realizada a &#8220;Maratona de Inverno&#8221;, uma competi\u00e7\u00e3o baseada no modelo adotado na Maratona de Programa\u00e7\u00e3o da SBC Ou seja, com a forma\u00e7\u00e3o de times, sistema de corre\u00e7\u00e3o, bal\u00f5es e premia\u00e7\u00e3o.<\/p><p>Cada time da Escola de Inverno ser\u00e1 composto por 03 (tr\u00eas) participantes, os quais n\u00e3o precisam ser necessariamente pertencentes \u00e0 mesma institui\u00e7\u00e3o de ensino.<\/p><p><strong>Vagas e Inscri\u00e7\u00f5es<\/strong><\/p><p>Est\u00e3o dispon\u00edveis vagas para 14 (quatorze) times. A forma\u00e7\u00e3o dos times ser\u00e1 realizada no dia 08\/08\/2023, durante a realiza\u00e7\u00e3o da Escola de Inverno.<\/p><p><strong>Premia\u00e7\u00e3o da Maratona de Inverno<\/strong><br \/>Ser\u00e3o fornecidos certificados para todos os times participantes. Al\u00e9m disso,\u00a0os tr\u00eas melhores times classificados receber\u00e3o medalhas (ouro, prata e\u00a0bronze) e a isen\u00e7\u00e3o da taxa de inscri\u00e7\u00e3o da Maratona de Programa\u00e7\u00e3o da SBC.<\/p>\t\t\t\t\t\t\t\t<\/div>\n\t\t\t\t<\/div>\n\t\t\t\t<\/div>\n\t\t<div id=\"e-n-tab-content-1773714296\" role=\"tabpanel\" aria-labelledby=\"e-n-tab-title-1773714296\" data-tab-index=\"6\" style=\"--n-tabs-title-order: 6;\" class=\" elementor-element elementor-element-4886012 e-con-full e-flex e-con e-parent\" data-id=\"4886012\" data-element_type=\"container\" data-e-type=\"container\">\n\t\t\t\t<div class=\"elementor-element elementor-element-88e880a elementor-widget elementor-widget-text-editor\" data-id=\"88e880a\" data-element_type=\"widget\" data-e-type=\"widget\" data-widget_type=\"text-editor.default\">\n\t\t\t\t<div class=\"elementor-widget-container\">\n\t\t\t\t\t\t\t\t\t<p><span style=\"color: #000021;\"><strong>Organizadores Gerais:<\/strong><\/span><\/p>\n<p>Val\u00e9ria Maria Bezerra Cavalcanti Maciel (IFPB) \u2013 valeria.cavalcanti@ifpb.edu.br<\/p>\n<p><span style=\"color: #000021;\"><strong>Organizador&nbsp; local:<\/strong><\/span><\/p>\n<p>Lincoln David Nery e Silva (UFPB)<br>Rohit Gheyi (UFCG)<br>Thiago Gouveia da Silva (IFPB)<\/p>\n<p><span style=\"color: #000021;\"><strong>Contato para d\u00favidas:<\/strong><\/span><\/p>\n<p>E-mail de contato:&nbsp;<a href=\"mailto:valeria.cavalcanti@ifpb.edu.br\"><strong>valeria.cavalcanti@ifpb.edu.br<\/strong><\/a><\/p>\t\t\t\t\t\t\t\t<\/div>\n\t\t\t\t<\/div>\n\t\t\t\t<\/div>\n\t\t\t\t\t<\/div>\n\t\t<\/div>\n\t\t\t\t\t\t<\/div>\n\t\t\t\t<\/div>\n\t\t\t\t\t<\/div>\n\t\t\t\t<\/div>\n\t\t<div class=\"elementor-element elementor-element-7cfec3f e-flex e-con-boxed e-con e-parent\" data-id=\"7cfec3f\" data-element_type=\"container\" data-e-type=\"container\">\n\t\t\t\t\t<div class=\"e-con-inner\">\n\t\t\t\t\t<\/div>\n\t\t\t\t<\/div>\n\t\t\t\t<\/div>\n\t\t","protected":false},"excerpt":{"rendered":"<p>Sobre o evento Formato Instrutores e Temas Vagas e Inscri\u00e7\u00f5es Maratona de Inverno Organiza\u00e7\u00e3o Sobre o evento A Escola de Inverno da Maratona de Programa\u00e7\u00e3o \u00e9 um evento realizado junto ao CSBC, em 2023 est\u00e1 na sua quarta edi\u00e7\u00e3o. O objetivo da escola \u00e9 proporcionar treinamento aos estudantes interessados nas Maratonas de Programa\u00e7\u00e3o, principalmente na [&hellip;]<\/p>\n","protected":false},"author":1,"featured_media":0,"parent":0,"menu_order":0,"comment_status":"closed","ping_status":"closed","template":"","meta":{"footnotes":""},"folder":[12],"class_list":["post-1070","page","type-page","status-publish","hentry"],"_links":{"self":[{"href":"https:\/\/csbc.sbc.org.br\/2023\/wp-json\/wp\/v2\/pages\/1070","targetHints":{"allow":["GET"]}}],"collection":[{"href":"https:\/\/csbc.sbc.org.br\/2023\/wp-json\/wp\/v2\/pages"}],"about":[{"href":"https:\/\/csbc.sbc.org.br\/2023\/wp-json\/wp\/v2\/types\/page"}],"author":[{"embeddable":true,"href":"https:\/\/csbc.sbc.org.br\/2023\/wp-json\/wp\/v2\/users\/1"}],"replies":[{"embeddable":true,"href":"https:\/\/csbc.sbc.org.br\/2023\/wp-json\/wp\/v2\/comments?post=1070"}],"version-history":[{"count":40,"href":"https:\/\/csbc.sbc.org.br\/2023\/wp-json\/wp\/v2\/pages\/1070\/revisions"}],"predecessor-version":[{"id":3553,"href":"https:\/\/csbc.sbc.org.br\/2023\/wp-json\/wp\/v2\/pages\/1070\/revisions\/3553"}],"wp:attachment":[{"href":"https:\/\/csbc.sbc.org.br\/2023\/wp-json\/wp\/v2\/media?parent=1070"}],"wp:term":[{"taxonomy":"folder","embeddable":true,"href":"https:\/\/csbc.sbc.org.br\/2023\/wp-json\/wp\/v2\/folder?post=1070"}],"curies":[{"name":"wp","href":"https:\/\/api.w.org\/{rel}","templated":true}]}}