{"id":7481,"date":"2024-02-03T23:59:01","date_gmt":"2024-02-03T23:59:01","guid":{"rendered":"https:\/\/csbc.sbc.org.br\/2024\/?page_id=7481"},"modified":"2024-07-16T20:04:40","modified_gmt":"2024-07-16T23:04:40","slug":"wperformance","status":"publish","type":"page","link":"https:\/\/csbc.sbc.org.br\/2024\/wperformance\/","title":{"rendered":"WPerformance &#8211; Workshop em Desempenho de Sistemas Computacionais e de Comunica\u00e7\u00e3o"},"content":{"rendered":"\t\t<div data-elementor-type=\"wp-page\" data-elementor-id=\"7481\" class=\"elementor elementor-7481\">\n\t\t\t\t<div class=\"elementor-element elementor-element-0a3ba60 e-flex e-con-boxed e-con e-parent\" data-id=\"0a3ba60\" data-element_type=\"container\" data-e-type=\"container\">\n\t\t\t\t\t<div class=\"e-con-inner\">\n\t\t\t\t<div class=\"elementor-element elementor-element-67e0fc4 elementor-widget elementor-widget-heading\" data-id=\"67e0fc4\" data-element_type=\"widget\" data-e-type=\"widget\" data-widget_type=\"heading.default\">\n\t\t\t\t<div class=\"elementor-widget-container\">\n\t\t\t\t\t<h1 class=\"elementor-heading-title elementor-size-default\">WPerformance <span style=\"font-weight:normal;line-height:1.1em\"> - 23\u00ba Workshop em Desempenho de Sistemas Computacionais e de Comunica\u00e7\u00e3o<\/span><\/h1>\t\t\t\t<\/div>\n\t\t\t\t<\/div>\n\t\t\t\t\t<\/div>\n\t\t\t\t<\/div>\n\t\t<div class=\"elementor-element elementor-element-0ea5134 e-flex e-con-boxed elementor-invisible e-con e-parent\" data-id=\"0ea5134\" data-element_type=\"container\" data-e-type=\"container\" data-settings=\"{&quot;animation&quot;:&quot;fadeIn&quot;}\">\n\t\t\t\t\t<div class=\"e-con-inner\">\n\t\t\t\t<div class=\"elementor-element elementor-element-ef7ca13 elementor-widget-divider--view-line elementor-widget elementor-widget-divider\" data-id=\"ef7ca13\" data-element_type=\"widget\" data-e-type=\"widget\" data-widget_type=\"divider.default\">\n\t\t\t\t<div class=\"elementor-widget-container\">\n\t\t\t\t\t\t\t<div class=\"elementor-divider\">\n\t\t\t<span class=\"elementor-divider-separator\">\n\t\t\t\t\t\t<\/span>\n\t\t<\/div>\n\t\t\t\t\t\t<\/div>\n\t\t\t\t<\/div>\n\t\t\t\t<div class=\"elementor-element elementor-element-92d9898 elementor-widget elementor-widget-text-editor\" data-id=\"92d9898\" data-element_type=\"widget\" data-e-type=\"widget\" data-widget_type=\"text-editor.default\">\n\t\t\t\t<div class=\"elementor-widget-container\">\n\t\t\t\t\t\t\t\t\t<h2>Programa\u00e7\u00e3o<\/h2>\t\t\t\t\t\t\t\t<\/div>\n\t\t\t\t<\/div>\n\t\t\t\t<div class=\"elementor-element elementor-element-3e02206 programacao_evento elementor-widget elementor-widget-n-accordion\" data-id=\"3e02206\" data-element_type=\"widget\" data-e-type=\"widget\" data-settings=\"{&quot;max_items_expended&quot;:&quot;multiple&quot;,&quot;default_state&quot;:&quot;expanded&quot;,&quot;n_accordion_animation_duration&quot;:{&quot;unit&quot;:&quot;ms&quot;,&quot;size&quot;:400,&quot;sizes&quot;:[]}}\" data-widget_type=\"nested-accordion.default\">\n\t\t\t\t<div class=\"elementor-widget-container\">\n\t\t\t\t\t\t\t<div class=\"e-n-accordion\" aria-label=\"Accordion. Open links with Enter or Space, close with Escape, and navigate with Arrow Keys\">\n\t\t\t\t\t\t<details id=\"e-n-accordion-item-6500\" class=\"e-n-accordion-item\" open>\n\t\t\t\t<summary class=\"e-n-accordion-item-title\" data-accordion-index=\"1\" tabindex=\"0\" aria-expanded=\"true\" aria-controls=\"e-n-accordion-item-6500\" >\n\t\t\t\t\t<span class='e-n-accordion-item-title-header'><h2 class=\"e-n-accordion-item-title-text\"> <span style=\"color:#fff\">Segunda-Feira (22\/07)<br \/> <span class=\"prog_sanfona_local\" style=\"color:#c7d4e8;font-size:0.85em;font-weight:normal\">Local: T\u00e9rreo - Sala Lobeira<\/span><\/span> <\/h2><\/span>\n\t\t\t\t\t\t\t<span class='e-n-accordion-item-title-icon'>\n\t\t\t<span class='e-opened' ><i aria-hidden=\"true\" class=\"fas fa-calendar-minus\"><\/i><\/span>\n\t\t\t<span class='e-closed'><i aria-hidden=\"true\" class=\"far fa-calendar-alt\"><\/i><\/span>\n\t\t<\/span>\n\n\t\t\t\t\t\t<\/summary>\n\t\t\t\t<div role=\"region\" aria-labelledby=\"e-n-accordion-item-6500\" class=\"elementor-element elementor-element-4f9fecc e-con-full e-flex e-con e-child\" data-id=\"4f9fecc\" data-element_type=\"container\" data-e-type=\"container\" data-settings=\"{&quot;background_background&quot;:&quot;classic&quot;}\">\n\t\t\t\t<div class=\"elementor-element elementor-element-bed8ace elementor-widget elementor-widget-elementskit-tablepress\" data-id=\"bed8ace\" data-element_type=\"widget\" data-e-type=\"widget\" data-widget_type=\"elementskit-tablepress.default\">\n\t\t\t\t<div class=\"elementor-widget-container\">\n\t\t\t\t\t<div class=\"elemenetskit-tablepress ekit-wid-con\" id=\"ekit_tablepress_bed8ace\">\n<table id=\"tablepress-5\" class=\"tablepress tablepress-id-5\">\n<thead>\n<tr class=\"row-1\">\n\t<th class=\"column-1\">Hor\u00e1rio<\/th><th class=\"column-2\">Atividade<\/th>\n<\/tr>\n<\/thead>\n<tbody class=\"row-striping row-hover\">\n<tr class=\"row-2\">\n\t<td class=\"column-1\">8:30 - 10:30<\/td><td class=\"column-2\"><b>Abertura<\/b><br \/>\n<br \/>\n<b>ST1 - Gustavo Bittencourt Figueiredo:<\/b><br \/>\n<ul><br \/>\n<li>T\u00e9cnicas de Pr\u00e9-Processamento Aplicados no Aprendizado por Imita\u00e7\u00e3o para Ve\u00edculos Aut\u00f4nomos<\/li><br \/>\n<li>Avalia\u00e7\u00e3o de Desempenho de Rede Hyperledger Fabric CA para Registro de Presen\u00e7a em Eventos ao Ar Livre<\/li><br \/>\n<li>Infer\u00eancia Autom\u00e1tica de Credibilidade de S\u00edtios Web: Caracter\u00edsticas de Dom\u00ednio e Geolocaliza\u00e7\u00e3o para o Combate \u00e0s Not\u00edcias Falsas<\/li><br \/>\n<li>Uma Avalia\u00e7\u00e3o Comparativa de Algoritmos de Criptografia Sim\u00e9trica para Dispositivos Restritos em Recursos<\/li><br \/>\n<\/ul><\/td>\n<\/tr>\n<tr class=\"row-3\">\n\t<td class=\"column-1\">10:30 - 11:00<\/td><td class=\"column-2\">Intervalo - Coffee-Break<\/td>\n<\/tr>\n<tr class=\"row-4\">\n\t<td class=\"column-1\">11:00 - 13:00<\/td><td class=\"column-2\"><b>ST2 - Rodolfo Ipolito Meneguette:<\/b><br \/>\n<ul><br \/>\n<li>A oclus\u00e3o pode facilitar a compreens\u00e3o humana? Avalia\u00e7\u00e3o de explicabilidade no reconhecimento de entidades nomeadas<\/li><br \/>\n<li>An\u00e1lise de desempenho de Log Parsers da cole\u00e7\u00e3o Logpai em dados brutos de dispositivos Android<\/li><br \/>\n<li>Avalia\u00e7\u00e3o de desempenho e custos de treinamento de redes neurais em ambientes de nuvem<\/li><br \/>\n<\/ul><\/td>\n<\/tr>\n<tr class=\"row-5\">\n\t<td class=\"column-1\">16:30 - 17:30<\/td><td class=\"column-2\"><b>ST3<\/b><br \/>\n<ul><br \/>\n<li>Estrat\u00e9gia Conjunta para Associa\u00e7\u00e3o de Usu\u00e1rios e Aloca\u00e7\u00e3o de Recursos em Redes M\u00f3veis de Pr\u00f3xima Gera\u00e7\u00e3o<\/li><br \/>\n<li>Identifying Asymptomatic Nodes in Network Epidemics using Betweenness Centrality<\/li><br \/>\n<\/ul><\/td>\n<\/tr>\n<tr class=\"row-6\">\n\t<td class=\"column-1\">17:30 - 18:30<\/td><td class=\"column-2\"><b>Palestra - Resource Allocation in the Computing Continuum - Luiz Fernando Bittencourt<\/b><br\/><br \/>\n<p><b>Resumo:<\/b> As the cloud extends to the fog and to the edge, computing services can be scattered over a set of computing resources that encompass users\u2019 devices, the cloud, and intermediate computing infrastructure deployed in between. Moreover, increasing networking capacity promises lower delays in data transfers, enabling a continuum of computing capacity that can be used to process large amounts of data with reduced response times. Such large amounts of data are frequently processed through machine learning approaches, seeking to extract knowledge from raw data generated and consumed by a widely heterogeneous set of applications. Distributed machine learning has been evolving as a tool to run learning tasks also at the edge, often immediately after the data is produced, instead of transferring data to the centralized cloud for later aggregation and processing. We look forward to building an Intelligent Computing Continuum, where distributed machine learning models can seamlessly run on any device from the edge to the cloud, creating a distributed computing system that is able to fulfill highly heterogeneous applications requirements and build knowledge from data generated by these applications. In this talk, I will present an overview of the resource allocation in the Computing Continuum.<\/p><br \/>\n<p><b>Short bio:<\/b> Luiz Fernando Bittencourt \u00e9 Professor Associado do Instituto de Computa\u00e7\u00e3o da Universidade Estadual de Campinas. Possui gradua\u00e7\u00e3o em Bacharelado Em Ci\u00eancia da Computa\u00e7\u00e3o pela Universidade Federal do Paran\u00e1 (2003) e Mestrado e Doutorado em Ci\u00eancia da Computa\u00e7\u00e3o pela Universidade Estadual de Campinas (2006 e 2010). Realizou doutorado sandu\u00edche e est\u00e1gio de pesquisa na Universidade de Manchester, Reino Unido (2008-2009 e 2011) e p\u00f3s-doutorado na Universidade Estadual de Campinas (2010 a 2012) e na Rutgers University (2016-2017). Recebeu o pr\u00eamio IEEE Latin American Young Professional Award 2013. Foi coordenador do comit\u00ea de programa e coordenador de trilhas de diversos eventos, tais como SBRC 2018 e IEEE\/ACM Utility and Cloud Computing (UCC 2018). Foi editor associado do peri\u00f3dico IEEE Cloud Computing Magazine, e atualmente \u00e9 editor associado dos peri\u00f3dicos do Internet of Things Journal, da Computers and Electrical Engineering, do Journal of Network and Systems Management, e da IEEE Networking Letters. Seus principais interesses de pesquisa est\u00e3o relacionados \u00e0 aloca\u00e7\u00e3o de recursos em sistemas distribu\u00eddos, como computa\u00e7\u00e3o em nuvem e na borda e no cont\u00ednuo de computa\u00e7\u00e3o.<\/p><\/td>\n<\/tr>\n<\/tbody>\n<\/table>\n<!-- #tablepress-5 from cache --><\/div>\t\t\t\t<\/div>\n\t\t\t\t<\/div>\n\t\t\t\t<\/div>\n\t\t\t\t\t<\/details>\n\t\t\t\t\t<\/div>\n\t\t\t\t\t\t<\/div>\n\t\t\t\t<\/div>\n\t\t\t\t<div class=\"elementor-element elementor-element-383609b elementor-widget elementor-widget-text-editor\" data-id=\"383609b\" data-element_type=\"widget\" data-e-type=\"widget\" data-widget_type=\"text-editor.default\">\n\t\t\t\t<div class=\"elementor-widget-container\">\n\t\t\t\t\t\t\t\t\t<h2 style=\"text-align: left;\">\u00a0<\/h2><h2 style=\"text-align: left;\">Sobre o Evento<\/h2><p style=\"text-align: left;\">O Workshop em Desempenho de Sistemas Computacionais e de Comunica\u00e7\u00e3o, conhecido como WPerformance, \u00e9 um f\u00f3rum para discuss\u00e3o e dissemina\u00e7\u00e3o de ideias sobre m\u00e9todos, t\u00e9cnicas e ferramentas para avalia\u00e7\u00e3o de desempenho de sistemas computacionais e de comunica\u00e7\u00e3o. Vinte e duas edi\u00e7\u00f5es consecutivas do WPerformance j\u00e1 foram realizadas pela comunidade, no per\u00edodo de 2002 a 2023, todas em conjunto com o Congresso da SBC. Os anais do evento t\u00eam sido mantidos no BDBComp e, mais recentemente, no Portal de Conte\u00fado da SBC.<\/p><p style=\"text-align: left;\">Em v\u00e1rias edi\u00e7\u00f5es anteriores, foram realizadas palestras de pesquisadores de renome internacional. A lista de palestrantes \u00e9 a seguinte:<\/p><ul style=\"text-align: left;\"><li>Professor Mark Crovella, Boston University (2002)<\/li><li>Professor Mike Devetsikiotis, North Carolina State University (2003)<\/li><li>Professor Gerardo Rubino, INRIA (2004)<\/li><li>Professor Vishal Misra, Columbia University (2005)<\/li><li>Professor Dan Rubenstein, Columbia University (2007)<\/li><li>Professor \u00c9ric Fleury, ENS-Lyon, Fran\u00e7a (2008)<\/li><li>Richard Gail, IBM T.J. Watson Research Center, EUA (2009)<\/li><li>Professor Arun Venkatarameni, UMass-Amherst, EUA (2009)<\/li><li>Bruno Ribeiro, UMASS, EUA (2010)<\/li><li>Professor Matthias Grossglauser, EPFL, Switzerland (2011)<\/li><li>Professor Daniel Menasce, George Mason University, EUA (2012)<\/li><li>Professor William J. Stewart, North Carolina State University, EUA (2013)<\/li><li>Professor Prof. Eitan Altman, INRIA, Fran\u00e7a (2014)<\/li><li>Professor Jo\u00e3o Saraiva, Univ. Minho, Portugal (2021)<\/li><li>Professor Andrea Marin, University Ca\u2019 Foscari of Venice (2022)<\/li><\/ul><p style=\"text-align: left;\">Al\u00e9m disto, edi\u00e7\u00f5es anteriores tamb\u00e9m contaram com palestras de pesquisadores nacionais e pain\u00e9is de discuss\u00e3o de temas relacionados ao evento:<\/p><ul style=\"text-align: left;\"><li>Professor Edmundo de Souza e Silva, UFRJ (2009)<\/li><li>Professor Virg\u00edlio de Almeida, UFMG (2010)<\/li><li>Professor Paulo Henrique Lemelle Fernandes, PUCRS (2011)<\/li><li>Angelo Ciarlini, DELL\/EMC (2013)<\/li><li>Professores Edmundo de Souza e Silva, UFRJ (2015, keynote) e Daniel Sadoc Menasch\u00e9 (2015, palestra convidada)<\/li><li>Professores Altigran Soares da Silva, UFAM (2016) e Luigi Carro, UFRGS (2016)<\/li><li>Professores Daniel Ratton Figueiredo, UFRJ (2017) e Daniel Oliveira, UFF (2017)<\/li><li>Professor Roberto Hirata, USP (2018)<\/li><li>Professor Fabio Kon, USP (2019)<\/li><li>Professor Lucas Schnorr, UFRGS (2020)<\/li><li>Professor Wellington Martins, UFG (2021)<\/li><li>Professores M\u00e1rio Ant\u00f4nio Ribeiro Dantas, UFJF; Wagner Meira Jr, UFMG; Philippe O. A. Navaux, UFRGS; e Guido Ara\u00fajo, UNICAMP (2022).<\/li><li>Professor Igor Moraes, UFF (2023)<\/li><li>Professor Luiz Fernando Bittencourt, UNICAMP (2024)<\/li><\/ul><h2 style=\"text-align: left;\">\u00a0<\/h2><h2 style=\"text-align: left;\">T\u00f3picos de Interesse<\/h2><p style=\"text-align: left;\">O WPerformance tem como foco trabalhos sobre o desenvolvimento e aplica\u00e7\u00e3o de t\u00e9cnicas de avalia\u00e7\u00e3o de desempenho baseadas em medi\u00e7\u00e3o, simula\u00e7\u00e3o ou modelagem anal\u00edtica. S\u00e3o de particular interesse os trabalhos que apresentam novas metodologias ou que aplicam de forma inovadora os m\u00e9todos existentes para modelar, projetar, avaliar e otimizar o desempenho de sistemas computacionais em geral. Os t\u00f3picos de interesse est\u00e3o listados abaixo, em duas \u00e1reas.<\/p><p style=\"text-align: left;\"><em><strong>\u00c1rea #1: Estudos de avalia\u00e7\u00e3o de desempenho de sistemas<\/strong><\/em><\/p><ul style=\"text-align: left;\"><li>Arquitetura de Computadores<\/li><li>Sistemas Operacionais<\/li><li>Sistemas Distribu\u00eddos<\/li><li>Banco de Dados<\/li><li>Engenharia de <em>Software<\/em><\/li><li>Redes de Computadores<\/li><li>Cidades Inteligentes<\/li><li>Sistemas Multim\u00eddia, AR, VR e Metaverso<\/li><li>Sistemas de Tempo Real<\/li><li>Comunica\u00e7\u00e3o M\u00f3vel e Sem Fio<\/li><li>Redes Sociais<\/li><li><em>Smart-Grids<\/em><\/li><li>Internet do Futuro<\/li><li>Computa\u00e7\u00e3o em Nuvem<\/li><li>Internet das Coisas<\/li><li>5G\/6G<\/li><\/ul><p style=\"text-align: left;\"><em><strong>\u00c1rea #2: Desenvolvimento de t\u00e9cnicas, algoritmos, m\u00e9todos, ferramentas e modelos<\/strong><\/em><\/p><ul style=\"text-align: left;\"><li>Avalia\u00e7\u00e3o de Desempenho de Sistemas<\/li><li>Avalia\u00e7\u00e3o de Desempenho de Algoritmos<\/li><li>An\u00e1lise de Dados<\/li><li>Modelos de Filas<\/li><li>Modelos Estoc\u00e1sticos<\/li><li>Verifica\u00e7\u00e3o e Valida\u00e7\u00e3o de Modelos de Desempenho<\/li><li>Algoritmos de Intelig\u00eancia Artificial<\/li><li>Monitora\u00e7\u00e3o e Medi\u00e7\u00e3o De Sistemas<\/li><li>Caracteriza\u00e7\u00e3o de Carga<\/li><li>Simula\u00e7\u00e3o<\/li><li>Medi\u00e7\u00e3o e Modelagem de Consumo Energ\u00e9tico<\/li><li>Escalabilidade de Sistemas de Computa\u00e7\u00e3o e Comunica\u00e7\u00e3o<\/li><li>Outros t\u00f3picos telacionados \u00e0 \u00e1rea<\/li><\/ul><h2 style=\"text-align: left;\">\u00a0<\/h2><h2 style=\"text-align: left;\">Data Importantes<\/h2><ul style=\"text-align: left;\"><li>Submiss\u00e3o: <del>04\/03\/2024<\/del> <del>24\/03\/2024<\/del>\u00a003\/04\/2024<\/li><li>Notifica\u00e7\u00e3o de Aceite:\u00a0<del>05\/05\/2024<\/del> 10\/05\/2024\u00a0<\/li><li>Vers\u00e3o final: 27\/05\/2024<\/li><li>Prazo de Inscri\u00e7\u00e3o dos autores: 03\/06\/2024<\/li><\/ul><h2 style=\"text-align: left;\">\u00a0<\/h2><h2 style=\"text-align: left;\">Instru\u00e7\u00e3o para Submiss\u00e3o<\/h2><p style=\"text-align: left;\">Os artigos a serem submetidos podem ser escritos em portugu\u00eas ou em ingl\u00eas. Eles dever\u00e3o conter no m\u00e1ximo 12 (doze) p\u00e1ginas, no caso de artigos completos, ou 6 (seis) p\u00e1ginas, no caso de artigos curtos. O comit\u00ea ainda se reserva o direito de aceitar como artigo curto textos submetidos na categoria de artigo completo. Ser\u00e3o aceitos somente artigos em formato PDF utilizando o modelo dos artigos da SBC. O estilo da SBC pode ser obtido na URL: <strong><a href=\"https:\/\/goo.gl\/nfe5ps\" target=\"_blank\" rel=\"noopener\">https:\/\/goo.gl\/nfe5ps<\/a><\/strong>.<\/p><p style=\"text-align: left;\">A submiss\u00e3o dos artigos ser\u00e1 exclusivamente eletr\u00f4nica, atrav\u00e9s do sistema JEMS em: <strong><a href=\"https:\/\/jems3.sbc.org.br\/events\/62\" target=\"_blank\" rel=\"noopener\">https:\/\/jems3.sbc.org.br\/events\/62<\/a><\/strong>.<\/p><h2 style=\"text-align: left;\">\u00a0<\/h2><h2 style=\"text-align: left;\">Publica\u00e7\u00e3o de Trabalhos<\/h2><p style=\"text-align: left;\">Os artigos aceitos ser\u00e3o publicados na <em>SBC Open Lib<\/em>, a biblioteca digital da SBC, na s\u00e9rie <em>Anais do Workshop em Desempenho de Sistemas Computacionais e de Comunica\u00e7\u00e3o (WPerformance)<\/em>, ISSN 2595-6167, dispon\u00edvel em <a href=\"https:\/\/sol.sbc.org.br\/index.php\/wperformance\" target=\"_blank\" rel=\"noopener\"><strong>https:\/\/sol.sbc.org.br\/index.php\/wperformance<\/strong><\/a>. Al\u00e9m disso, os artigos aceitos tamb\u00e9m ser\u00e3o convidados a enviar uma extens\u00e3o dos seus artigos a um <em>special issue<\/em> da revista <em>Journal of Internet Services and Applications &#8211; JISA.<\/em><\/p><h2 style=\"text-align: left;\">\u00a0<\/h2><h2 style=\"text-align: left;\">Premia\u00e7\u00e3o dos Melhores Artigos<\/h2><p style=\"text-align: left;\">O Comit\u00ea de Programa anunciar\u00e1 durante o evento os melhores artigos do Wperfomance 2024, que ser\u00e3o contemplados com certificado e premia\u00e7\u00e3o.<\/p><h2 style=\"text-align: left;\">\u00a0<\/h2><h2 style=\"text-align: left;\">Organizadores Gerais<\/h2><ul style=\"text-align: left;\"><li>Gustavo Bittencourt Figueiredo: <strong><a href=\"mailto:gustavobf@ufba.br\" target=\"_blank\" rel=\"noopener\">gustavobf@ufba.br<\/a><\/strong><\/li><li>Rodolfo Ipolito Meneguette: <a href=\"mailto:meneguette@icmc.usp.br\" target=\"_blank\" rel=\"noopener\"><strong>meneguette@icmc.usp.br<\/strong><\/a><\/li><\/ul><h2 style=\"text-align: left;\">\u00a0<\/h2><h2 style=\"text-align: left;\">Organizadores do Comit\u00ea de Programa<\/h2><ul style=\"text-align: left;\"><li>Gustavo Bittencourt Figueiredo: <a href=\"mailto:gustavobf@ufba.br\" target=\"_blank\" rel=\"noopener\"><strong>gustavobf@ufba.br<\/strong><\/a><\/li><li>Rodolfo Ipolito Meneguette : <a href=\"mailto:meneguette@icmc.usp.br\" target=\"_blank\" rel=\"noopener\"><strong>meneguette@icmc.usp.br<\/strong><\/a><\/li><\/ul><h2 style=\"text-align: left;\">\u00a0<\/h2><h2 style=\"text-align: left;\">Comit\u00ea de Programa<\/h2><ul><li style=\"text-align: left;\">Albert Einstein Coutinho dos Santos (UFPA)<\/li><li style=\"text-align: left;\">Alex Borges Vieira (UFMG)<\/li><li style=\"text-align: left;\">Alex Silva Santos (UFBA)<\/li><li style=\"text-align: left;\">Alfredo Goldman (USP)<\/li><li style=\"text-align: left;\">Ana Paula Couto da Silva (UFMG)<\/li><li style=\"text-align: left;\">Antonio A. de A. Rocha (UFF)<\/li><li style=\"text-align: left;\">Bruno Pereira Santos (UFBA<\/li><li style=\"text-align: left;\">Carlos Alberto Vieira Campos (UNIRIO)<\/li><li style=\"text-align: left;\">Daniel Cordeiro (USP)<\/li><li style=\"text-align: left;\">Daniel Ratton Figueiredo (UFRJ)<\/li><li style=\"text-align: left;\">Daniel Sadoc Menasche (UFRJ)<\/li><li style=\"text-align: left;\">Denis Ros\u00e1rio (UFPA)<\/li><li style=\"text-align: left;\">Dianne Scherly Varela de Medeiros (UFF)<\/li><li style=\"text-align: left;\">Diogo Menezes Ferrazani Mattos (UFF)<\/li><li style=\"text-align: left;\">Diego Canizio Lopes (IFAC)<\/li><li style=\"text-align: left;\">Eduardo Coelho Cerqueira (UFPA)<\/li><li style=\"text-align: left;\">Fl\u00e1vio Ramon A. de Souza (UFPA)<\/li><li style=\"text-align: left;\">Geraldo Pereira Rocha Filho (UESB)<\/li><li style=\"text-align: left;\">Gustavo B. Figueiredo (UFBA)<\/li><li style=\"text-align: left;\">Henrique Cota Freitas (PUC MINAS)<\/li><li style=\"text-align: left;\">Igor Monteiro Moraes (UFF)<\/li><li style=\"text-align: left;\">Islene C. Garcia (UNICAMP)<\/li><li style=\"text-align: left;\">Jefferson Elbert Sim\u00f5es (UNIRIO)<\/li><li style=\"text-align: left;\">Jo\u00e3o Netto (UFRGS)<\/li><li style=\"text-align: left;\">Jos\u00e9 Augusto Suruagy Monteiro (UFPE)<\/li><li style=\"text-align: left;\">Juliana de Santi (UTFPR)<\/li><li style=\"text-align: left;\">Lourenco Alves Pereira Jr (ITA)<\/li><li style=\"text-align: left;\">Luiz Fernando Bittencourt (UNICAMP)<\/li><li style=\"text-align: left;\">Luis H. V. Nakamura (IFSP)<\/li><li style=\"text-align: left;\">Marcos Amaris (UFPA)<\/li><li style=\"text-align: left;\">Marcos C\u00e9sar da Rocha Seruffo (UFPA)<\/li><li style=\"text-align: left;\">Matias R. P. dos Santos (UFBA)<\/li><li style=\"text-align: left;\">Maycon M. L. Peixoto (UFBA)<\/li><li style=\"text-align: left;\">Miguel Elias Mitre Campista (UFRJ)<\/li><li style=\"text-align: left;\">Monica Magalh\u00e3es Pereira (UFRN)<\/li><li style=\"text-align: left;\">Morganna Carmem Diniz (UNIRIO)<\/li><li style=\"text-align: left;\">Nilton Fl\u00e1vio Sousa Seixas Sousa Seixas (UFBA)<\/li><li style=\"text-align: left;\">Odorico M. Mendizabal (UFSC)<\/li><li style=\"text-align: left;\">Ricardo Ara\u00fajo Rios (UFBA)<\/li><li style=\"text-align: left;\">Rodolfo Ipolito Meneguette (USP)<\/li><li style=\"text-align: left;\">Rodrigo I. Tinini (UFABC)<\/li><li style=\"text-align: left;\">Rodrigo da Rosa Righi (UNISINOS)<\/li><li style=\"text-align: left;\">Rodrigo de Souza Couto (UFRJ)<\/li><li style=\"text-align: left;\">Roger Immich (UFRN)<\/li><li style=\"text-align: left;\">Sidney Cunha de Lucena (UNIRIO)<\/li><li style=\"text-align: left;\">Thiago Ferreira de Noronha (UFMG)<\/li><\/ul>\t\t\t\t\t\t\t\t<\/div>\n\t\t\t\t<\/div>\n\t\t\t\t\t<\/div>\n\t\t\t\t<\/div>\n\t\t\t\t<\/div>\n\t\t","protected":false},"excerpt":{"rendered":"<p>WPerformance &#8211; 23\u00ba Workshop em Desempenho de Sistemas Computacionais e de Comunica\u00e7\u00e3o Programa\u00e7\u00e3o Segunda-Feira (22\/07) Local: T\u00e9rreo &#8211; Sala Lobeira Editar Hor\u00e1rio Atividade 8:30 &#8211; 10:30 Abertura ST1 &#8211; Gustavo Bittencourt Figueiredo: T\u00e9cnicas de Pr\u00e9-Processamento Aplicados no Aprendizado por Imita\u00e7\u00e3o para Ve\u00edculos Aut\u00f4nomos Avalia\u00e7\u00e3o de Desempenho de Rede Hyperledger Fabric CA para Registro de Presen\u00e7a [&hellip;]<\/p>\n","protected":false},"author":7,"featured_media":5266,"parent":0,"menu_order":0,"comment_status":"closed","ping_status":"closed","template":"","meta":{"ocean_post_layout":"","ocean_both_sidebars_style":"","ocean_both_sidebars_content_width":0,"ocean_both_sidebars_sidebars_width":0,"ocean_sidebar":"","ocean_second_sidebar":"","ocean_disable_margins":"enable","ocean_add_body_class":"","ocean_shortcode_before_top_bar":"","ocean_shortcode_after_top_bar":"","ocean_shortcode_before_header":"","ocean_shortcode_after_header":"","ocean_has_shortcode":"","ocean_shortcode_after_title":"","ocean_shortcode_before_footer_widgets":"","ocean_shortcode_after_footer_widgets":"","ocean_shortcode_before_footer_bottom":"","ocean_shortcode_after_footer_bottom":"","ocean_display_top_bar":"default","ocean_display_header":"default","ocean_header_style":"","ocean_center_header_left_menu":"","ocean_custom_header_template":"","ocean_custom_logo":0,"ocean_custom_retina_logo":0,"ocean_custom_logo_max_width":0,"ocean_custom_logo_tablet_max_width":0,"ocean_custom_logo_mobile_max_width":0,"ocean_custom_logo_max_height":0,"ocean_custom_logo_tablet_max_height":0,"ocean_custom_logo_mobile_max_height":0,"ocean_header_custom_menu":"","ocean_menu_typo_font_family":"","ocean_menu_typo_font_subset":"","ocean_menu_typo_font_size":0,"ocean_menu_typo_font_size_tablet":0,"ocean_menu_typo_font_size_mobile":0,"ocean_menu_typo_font_size_unit":"px","ocean_menu_typo_font_weight":"","ocean_menu_typo_font_weight_tablet":"","ocean_menu_typo_font_weight_mobile":"","ocean_menu_typo_transform":"","ocean_menu_typo_transform_tablet":"","ocean_menu_typo_transform_mobile":"","ocean_menu_typo_line_height":0,"ocean_menu_typo_line_height_tablet":0,"ocean_menu_typo_line_height_mobile":0,"ocean_menu_typo_line_height_unit":"","ocean_menu_typo_spacing":0,"ocean_menu_typo_spacing_tablet":0,"ocean_menu_typo_spacing_mobile":0,"ocean_menu_typo_spacing_unit":"","ocean_menu_link_color":"","ocean_menu_link_color_hover":"","ocean_menu_link_color_active":"","ocean_menu_link_background":"","ocean_menu_link_hover_background":"","ocean_menu_link_active_background":"","ocean_menu_social_links_bg":"","ocean_menu_social_hover_links_bg":"","ocean_menu_social_links_color":"","ocean_menu_social_hover_links_color":"","ocean_disable_title":"default","ocean_disable_heading":"default","ocean_post_title":"","ocean_post_subheading":"","ocean_post_title_style":"","ocean_post_title_background_color":"","ocean_post_title_background":0,"ocean_post_title_bg_image_position":"","ocean_post_title_bg_image_attachment":"","ocean_post_title_bg_image_repeat":"","ocean_post_title_bg_image_size":"","ocean_post_title_height":0,"ocean_post_title_bg_overlay":0.5,"ocean_post_title_bg_overlay_color":"","ocean_disable_breadcrumbs":"default","ocean_breadcrumbs_color":"","ocean_breadcrumbs_separator_color":"","ocean_breadcrumbs_links_color":"","ocean_breadcrumbs_links_hover_color":"","ocean_display_footer_widgets":"default","ocean_display_footer_bottom":"default","ocean_custom_footer_template":"","_joinchat":[],"footnotes":""},"class_list":["post-7481","page","type-page","status-publish","has-post-thumbnail","hentry","entry","has-media"],"_links":{"self":[{"href":"https:\/\/csbc.sbc.org.br\/2024\/wp-json\/wp\/v2\/pages\/7481","targetHints":{"allow":["GET"]}}],"collection":[{"href":"https:\/\/csbc.sbc.org.br\/2024\/wp-json\/wp\/v2\/pages"}],"about":[{"href":"https:\/\/csbc.sbc.org.br\/2024\/wp-json\/wp\/v2\/types\/page"}],"author":[{"embeddable":true,"href":"https:\/\/csbc.sbc.org.br\/2024\/wp-json\/wp\/v2\/users\/7"}],"replies":[{"embeddable":true,"href":"https:\/\/csbc.sbc.org.br\/2024\/wp-json\/wp\/v2\/comments?post=7481"}],"version-history":[{"count":98,"href":"https:\/\/csbc.sbc.org.br\/2024\/wp-json\/wp\/v2\/pages\/7481\/revisions"}],"predecessor-version":[{"id":14642,"href":"https:\/\/csbc.sbc.org.br\/2024\/wp-json\/wp\/v2\/pages\/7481\/revisions\/14642"}],"wp:featuredmedia":[{"embeddable":true,"href":"https:\/\/csbc.sbc.org.br\/2024\/wp-json\/wp\/v2\/media\/5266"}],"wp:attachment":[{"href":"https:\/\/csbc.sbc.org.br\/2024\/wp-json\/wp\/v2\/media?parent=7481"}],"curies":[{"name":"wp","href":"https:\/\/api.w.org\/{rel}","templated":true}]}}