{"id":7592,"date":"2024-02-04T11:27:10","date_gmt":"2024-02-04T11:27:10","guid":{"rendered":"https:\/\/csbc.sbc.org.br\/2024\/?page_id=7592"},"modified":"2024-07-22T23:11:04","modified_gmt":"2024-07-23T02:11:04","slug":"brasnam","status":"publish","type":"page","link":"https:\/\/csbc.sbc.org.br\/2024\/brasnam\/","title":{"rendered":"BraSNAM &#8211; Workshop Brasileiro de An\u00e1lise de Redes Sociais e Minera\u00e7\u00e3o"},"content":{"rendered":"\t\t<div data-elementor-type=\"wp-page\" data-elementor-id=\"7592\" class=\"elementor elementor-7592\">\n\t\t\t\t<div class=\"elementor-element elementor-element-0a3ba60 e-flex e-con-boxed e-con e-parent\" data-id=\"0a3ba60\" data-element_type=\"container\" data-e-type=\"container\">\n\t\t\t\t\t<div class=\"e-con-inner\">\n\t\t\t\t<div class=\"elementor-element elementor-element-67e0fc4 elementor-widget elementor-widget-heading\" data-id=\"67e0fc4\" data-element_type=\"widget\" data-e-type=\"widget\" data-widget_type=\"heading.default\">\n\t\t\t\t<div class=\"elementor-widget-container\">\n\t\t\t\t\t<h1 class=\"elementor-heading-title elementor-size-default\">BraSNAM<span style=\"font-weight:normal;line-height:1.1em\"> - 13\u00ba Workshop Brasileiro de An\u00e1lise de Redes Sociais e Minera\u00e7\u00e3o<\/span><\/h1>\t\t\t\t<\/div>\n\t\t\t\t<\/div>\n\t\t\t\t\t<\/div>\n\t\t\t\t<\/div>\n\t\t<div class=\"elementor-element elementor-element-0ea5134 e-flex e-con-boxed elementor-invisible e-con e-parent\" data-id=\"0ea5134\" data-element_type=\"container\" data-e-type=\"container\" data-settings=\"{&quot;animation&quot;:&quot;fadeIn&quot;}\">\n\t\t\t\t\t<div class=\"e-con-inner\">\n\t\t\t\t<div class=\"elementor-element elementor-element-ef7ca13 elementor-widget-divider--view-line elementor-widget elementor-widget-divider\" data-id=\"ef7ca13\" data-element_type=\"widget\" data-e-type=\"widget\" data-widget_type=\"divider.default\">\n\t\t\t\t<div class=\"elementor-widget-container\">\n\t\t\t\t\t\t\t<div class=\"elementor-divider\">\n\t\t\t<span class=\"elementor-divider-separator\">\n\t\t\t\t\t\t<\/span>\n\t\t<\/div>\n\t\t\t\t\t\t<\/div>\n\t\t\t\t<\/div>\n\t\t\t\t<div class=\"elementor-element elementor-element-383609b elementor-widget elementor-widget-text-editor\" data-id=\"383609b\" data-element_type=\"widget\" data-e-type=\"widget\" data-widget_type=\"text-editor.default\">\n\t\t\t\t<div class=\"elementor-widget-container\">\n\t\t\t\t\t\t\t\t\t<h2>Local e Programa\u00e7\u00e3o<\/h2>\n<ul>\n<li>Local: T\u00e9rreo &#8211; Sala Cajuzinho<\/li>\n<li>Acesse a Programa\u00e7\u00e3o e Mais Informa\u00e7\u00f5es sobre o Evento:&nbsp; <strong><a href=\"https:\/\/sites.google.com\/view\/brasnam2024\/program-in-portuguese?authuser=0\" target=\"_blank\" rel=\"noopener\">BraSNAM 2024<\/a><\/strong><\/li>\n<\/ul>\n<h2>&nbsp;<\/h2>\n<h2 style=\"text-align: left;\"><strong>Sobre o Evento<\/strong><\/h2>\n<p style=\"text-align: left;\">O <strong>XIII Workshop Brasileiro de An\u00e1lise de Redes Sociais e Minera\u00e7\u00e3o (BraSNAM 2024)<\/strong> ser\u00e1 realizado em conjunto com o 44\u00ba Congresso da Sociedade Brasileira de Computa\u00e7\u00e3o, que oferece uma oportunidade valiosa para grupos multidisciplinares se reunirem e se envolverem em ricas discuss\u00f5es sobre t\u00f3picos relacionados a an\u00e1lise de redes sociais. Em 2024, o CSBC ser\u00e1 organizado pela Universidade Federal do Rio Grande do Sul (UFRGS) e Universidade de Bras\u00edlia (UnB), em Bras\u00edlia, Distrito Federal, Brasil.<\/p>\n<p style=\"text-align: left;\">O estudo das redes sociais teve origem nas comunidades sociais, educacionais e empresariais, com melhor sustenta\u00e7\u00e3o te\u00f3rica a partir da d\u00e9cada de 1940. Hoje, o uso crescente da <em>Web<\/em> e das m\u00eddias sociais promove a intera\u00e7\u00e3o entre as pessoas, a dissemina\u00e7\u00e3o de dados e o compartilhamento de informa\u00e7\u00f5es. Com a crescente disponibilidade de dados (fornecidos por pessoas e suas intera\u00e7\u00f5es, <em>logs<\/em> e servidores da <em>web<\/em>), existem oportunidades para avaliar e desenvolver t\u00e9cnicas para melhorar as redes sociais e as informa\u00e7\u00f5es em muitos contextos. Consequentemente, as an\u00e1lises e t\u00e9cnicas de redes sociais definiram campos de pesquisa frut\u00edferos na academia, pol\u00edtica, seguran\u00e7a, neg\u00f3cios, marketing, ci\u00eancias e muitos outros.<\/p>\n<p style=\"text-align: left;\">O BraSNAM 2024 oferece um espa\u00e7o interdisciplinar para reunir profissionais e pesquisadores de redes sociais e seus campos relacionados, para promover a colabora\u00e7\u00e3o e troca de ideias e pr\u00e1ticas.<\/p>\n<h2 style=\"text-align: left;\">&nbsp;<\/h2>\n<h2 style=\"text-align: left;\"><strong>Chamada de trabalhos<\/strong><\/h2>\n<p style=\"text-align: left;\">O <em>Brazilian Workshop on Social Network Analysis and Mining (BraSNAM)<\/em> \u00e9 um evento do Grupo de Interesse em Minera\u00e7\u00e3o e An\u00e1lise de Redes Sociais (GIMARS) da Sociedade Brasileira de Computa\u00e7\u00e3o (SBC). O BraSNAM tem se tornado um importante f\u00f3rum de discuss\u00e3o em An\u00e1lise de Redes Sociais e \u00e1reas correlatas, com \u00edndice H-\u00edndex igual a 7 e H-mediana igual a 9 <em>(Google Metrics)<\/em>.&nbsp; Por reunir presencialmente os pesquisadores, o BraSNAM tem ajudado na forma\u00e7\u00e3o de bancas de conclus\u00e3o de curso, coorienta\u00e7\u00e3o, projetos de pesquisa ou outros tipos de colabora\u00e7\u00e3o em decorr\u00eancia do fortalecimento das intera\u00e7\u00f5es cient\u00edficas e sociais.<\/p>\n<p style=\"text-align: left;\">O <em>Workshop<\/em> aceitar\u00e1 submiss\u00f5es de Contribui\u00e7\u00f5es consolidadas <em>(full papers)<\/em> e Trabalhos em andamento <em>(short papers)<\/em>, que incluem ferramentas\/aplica\u00e7\u00f5es <em>(demo tools)<\/em>, <em>dataset papers<\/em> e estudos de caso, escritos em Portugu\u00eas ou Ingl\u00eas.<\/p>\n<p style=\"text-align: left;\">Nessa d\u00e9cima terceira edi\u00e7\u00e3o, os autores dos melhores artigos ser\u00e3o convidados a submeter vers\u00f5es revisadas e estendidas para uma edi\u00e7\u00e3o especial da <em>iSys &#8211; Revista Brasileira de Sistemas de Informa\u00e7\u00e3o &#8211; CESI\/SBC<\/em>.<\/p>\n<h2 style=\"text-align: left;\">&nbsp;<\/h2>\n<h2 style=\"text-align: left;\"><strong>T\u00f3picos de Interesse<\/strong><\/h2>\n<p style=\"text-align: left;\">Os t\u00f3picos de interesse do BraSNAM incluem, mas n\u00e3o est\u00e3o limitados a:<strong>&nbsp;<\/strong><\/p>\n<ul style=\"text-align: left;\">\n<li>Ciclo de vida de dados e informa\u00e7\u00f5es sociais: extra\u00e7\u00e3o, limpeza, modelagem, consulta, indexa\u00e7\u00e3o, incorpora\u00e7\u00e3o, recursos e m\u00e9tricas, transforma\u00e7\u00e3o, compacta\u00e7\u00e3o e resumo, integra\u00e7\u00e3o, gerenciamento, armazenamento, caracteriza\u00e7\u00e3o, an\u00e1lise, minera\u00e7\u00e3o, aprendizagem, amostragem, monitoramento, preserva\u00e7\u00e3o de privacidade, navega\u00e7\u00e3o e visualiza\u00e7\u00e3o e evolu\u00e7\u00e3o.<\/li>\n<li>Redes Sociais e de Informa\u00e7\u00e3o Aspectos humanos: <em>crowdsourcing<\/em> e <em>crowdfunding<\/em>, quest\u00f5es \u00e9ticas, justi\u00e7a e preconceito, spam, desinforma\u00e7\u00e3o, atividades maliciosas, comunidades, detec\u00e7\u00e3o e propaga\u00e7\u00e3o de influ\u00eancia, epidemiologia, capital social, modelagem de comportamento do usu\u00e1rio, comportamento organizacional e de grupo, computa\u00e7\u00e3o cognitiva, reputa\u00e7\u00e3o, identifica\u00e7\u00e3o de confian\u00e7a e expertise e forma\u00e7\u00e3o de equipe.<\/li>\n<li>Redes Sociais e Informacionais &#8211; uma perspectiva multidisciplinar: medicina, ci\u00eancias, crime e investiga\u00e7\u00e3o forense, educa\u00e7\u00e3o, cultura, pesquisa e academia, governo e pol\u00edtica, economia, sa\u00fade e bem-estar, <em>marketing<\/em>, neg\u00f3cios, gest\u00e3o, humanidades digitais e ecossistemas de <em>software<\/em>.<\/li>\n<li>T\u00e9cnicas de Redes Sociais e de Informa\u00e7\u00e3o: <em>big data<\/em>, fluxo e difus\u00e3o, interface, previs\u00e3o de <em>link<\/em>, simula\u00e7\u00e3o e evolu\u00e7\u00e3o, engajamento e gamifica\u00e7\u00e3o, an\u00e1lise de sentimento e opini\u00e3o, classifica\u00e7\u00e3o, recomenda\u00e7\u00e3o, recupera\u00e7\u00e3o, identifica\u00e7\u00e3o de tend\u00eancia, rastreamento e previs\u00e3o.<\/li>\n<li>Redes Sociais e de Informa\u00e7\u00e3o Especializadas: redes complexas, redes secretas e <em>dark web<\/em>, redes sociais com reconhecimento de localiza\u00e7\u00e3o e mobilidade, redes profissionais, sensores multim\u00eddia m\u00f3veis e inteligentes e novos aplicativos.<\/li>\n<\/ul>\n<h2 style=\"text-align: left;\">&nbsp;<\/h2>\n<h2 style=\"text-align: left;\"><strong>Instru\u00e7\u00f5es para Submiss\u00e3o<\/strong><\/h2>\n<p style=\"text-align: left;\">O <em>Workshop<\/em> aceitar\u00e1 submiss\u00f5es de Contribui\u00e7\u00f5es consolidadas (<em>full papers<\/em>) e Trabalhos em andamento (<em>short papers<\/em>), que incluem ferramentas\/aplica\u00e7\u00f5es (<em>demo tools<\/em>), <em>dataset papers <\/em>e estudos de caso, escritos em Portugu\u00eas ou Ingl\u00eas. Artigos completos e resumidos n\u00e3o podem ultrapassar 12 (+2 para refer\u00eancias) e 6 (+1 para refer\u00eancias) p\u00e1ginas, respectivamente. As submiss\u00f5es devem seguir o template da Sociedade Brasileira de Computa\u00e7\u00e3o (SBC), que est\u00e1 dispon\u00edvel em <strong><a href=\"http:\/\/tinyurl.com\/sbc-template-artigos\" target=\"_blank\" rel=\"noopener\">http:\/\/tinyurl.com\/sbc-template-artigos<\/a><\/strong>.<\/p>\n<p style=\"text-align: left;\">Os artigos completos (Contribui\u00e7\u00f5es consolidadas) dever\u00e3o ser avaliados utilizando os seguintes crit\u00e9rios: adequa\u00e7\u00e3o ao escopo do <em>workshop<\/em>, relev\u00e2ncia, qualidade t\u00e9cnica, clareza, originalidade e avalia\u00e7\u00e3o dos resultados. A avalia\u00e7\u00e3o dos resultados \u00e9 desejada, mas n\u00e3o \u00e9 pr\u00e9-condi\u00e7\u00e3o para a submiss\u00e3o do artigo. Todos os artigos completos aceitos dever\u00e3o ser apresentados oralmente.<\/p>\n<p style=\"text-align: left;\">Os trabalhos em andamento (<em>short papers<\/em>) ser\u00e3o avaliados utilizando os mesmos crit\u00e9rios. Os artigos resumidos da categoria <em>dataset papers<\/em> tamb\u00e9m ser\u00e3o avaliados pela disponibilidade dos dados e metadados em reposit\u00f3rio p\u00fablico. Os trabalhos em andamento aceitos ser\u00e3o igualmente publicados nos anais do evento. Os autores dever\u00e3o confeccionar p\u00f4steres (utilizando o padr\u00e3o do evento) a serem apresentados nas sess\u00f5es indicadas. Ferramentas e aplica\u00e7\u00f5es dever\u00e3o fazer uma demonstra\u00e7\u00e3o. Todos os trabalhos em andamento participar\u00e3o da sess\u00e3o de <em>Pitch<\/em> a depender da quantidade de trabalhos em andamento aceitos.<\/p>\n<p style=\"text-align: left;\">Os trabalhos submetidos, independente do tipo, ser\u00e3o avaliados \u201ccegamente\u201d (<em>double<\/em>&#8211;<em>blind review<\/em>), omitindo-se qualquer identifica\u00e7\u00e3o de seus autores, bem como de seus revisores. Cada avalia\u00e7\u00e3o ser\u00e1 feita por, no m\u00ednimo, 3 membros do comit\u00ea do programa. Visamos a isen\u00e7\u00e3o e imparcialidade no processo de&nbsp; revis\u00e3o duplo-cega, por isso analisamos poss\u00edveis conflitos de interesse no processo caso a caso e tamb\u00e9m avaliamos qualitativamente as revis\u00f5es. Reiteramos que o Comit\u00ea Diretivo do BraSNAM trabalha ativamente junto aos membros do comit\u00ea t\u00e9cnico para prover revis\u00f5es construtivas aos autores.<\/p>\n<p style=\"text-align: left;\">O Quadro 1 sumariza os artigos longos e curtos com respectivos tipos de trabalho e limite de p\u00e1ginas que ser\u00e3o aceitos no BraSNAM 2024.<\/p>\n<p style=\"text-align: left;\">Quadro 1. Categoria de artigos com respectivos tipos de trabalho e limites de p\u00e1ginas.<\/p>\t\t\t\t\t\t\t\t<\/div>\n\t\t\t\t<\/div>\n\t\t\t\t\t<\/div>\n\t\t\t\t<\/div>\n\t\t<div class=\"elementor-element elementor-element-3a25732 e-flex e-con-boxed e-con e-parent\" data-id=\"3a25732\" data-element_type=\"container\" data-e-type=\"container\">\n\t\t\t\t\t<div class=\"e-con-inner\">\n\t\t\t\t<div class=\"elementor-element elementor-element-0f6cb49 elementor-widget elementor-widget-html\" data-id=\"0f6cb49\" data-element_type=\"widget\" data-e-type=\"widget\" data-widget_type=\"html.default\">\n\t\t\t\t<div class=\"elementor-widget-container\">\n\t\t\t\t\t<table class=\"table table-bordered table-hover\">\r\n  <thead>\r\n    <tr>\r\n      <th scope=\"col\">Tipo de Artigo<\/th>\r\n      <th scope=\"col\">Tipo de Trabalho<\/th>\r\n      <th scope=\"col\">Limite de P\u00e1ginas<\/th>\r\n    <\/tr>\r\n  <\/thead>\r\n  <tbody>\r\n    <tr>\r\n      <td>Contribui\u00e7\u00f5es consolidadas<\/td>\r\n      <td><ul><li>Pesquisa<\/li>\r\n<li><i>Estudos de casos<\/i> e colabora\u00e7\u00e3o com a Ind\u00fastria<\/li>\r\n<li><i>Position paper<\/i><\/li><\/ul>\r\n<\/td>\r\n      <td>12 p\u00e1ginas (+2 exclusivamente para refer\u00eancias)<\/td>\r\n    <\/tr>\r\n    <tr>\r\n    \r\n      <td>Trabalhos em andamento e <i>Datasets<\/i><\/td>\r\n      <td><ul><li><i>Dataset papers<\/i><\/li>\r\n<li>Pesquisa<\/li>\r\n<li>Aplica\u00e7\u00e3o\/ferramenta<\/li>\r\n<\/ul><\/td>\r\n      <td>6 p\u00e1ginas (+1 exclusivamente para refer\u00eancias)<\/td>\r\n    <\/tr>\r\n  <\/tbody>\r\n<\/table>\t\t\t\t<\/div>\n\t\t\t\t<\/div>\n\t\t\t\t\t<\/div>\n\t\t\t\t<\/div>\n\t\t<div class=\"elementor-element elementor-element-5dd66e9 e-flex e-con-boxed elementor-invisible e-con e-parent\" data-id=\"5dd66e9\" data-element_type=\"container\" data-e-type=\"container\" data-settings=\"{&quot;animation&quot;:&quot;fadeIn&quot;}\">\n\t\t\t\t\t<div class=\"e-con-inner\">\n\t\t\t\t<div class=\"elementor-element elementor-element-d408087 elementor-widget elementor-widget-text-editor\" data-id=\"d408087\" data-element_type=\"widget\" data-e-type=\"widget\" data-widget_type=\"text-editor.default\">\n\t\t\t\t<div class=\"elementor-widget-container\">\n\t\t\t\t\t\t\t\t\t<p style=\"text-align: left;\">Refor\u00e7a-se que as submiss\u00f5es ao BraSNAM devem seguir o C\u00f3digo de Conduta para Autores em Publica\u00e7\u00f5es da SBC, o qual pode ser acessado aqui: <strong><a href=\"https:\/\/sol.sbc.org.br\/index.php\/indice\/conduta\" target=\"_blank\" rel=\"noopener\">https:\/\/sol.sbc.org.br\/index.php\/indice\/conduta<\/a><\/strong>.<\/p><p style=\"text-align: left;\">Nossa comunidade tamb\u00e9m busca seguir boas pr\u00e1ticas de ci\u00eancia aberta. A edi\u00e7\u00e3o 46 da Revista Computa\u00e7\u00e3o Brasil versa sobre o Papel da Computa\u00e7\u00e3o na Ci\u00eancia Aberta. Neste ensejo, encorajamos os autores e autoras a disponibilizarem c\u00f3digos-fonte e base de dados sempre que poss\u00edvel, visando a transpar\u00eancia e replicabilidade.<\/p><p style=\"text-align: left;\">A submiss\u00e3o dos trabalhos ser\u00e1 exclusivamente eletr\u00f4nica atrav\u00e9s do <em>Sistema JEMS3 da SBC<\/em>: <strong><a href=\"https:\/\/jems3.sbc.org.br\/csbc2024-brasnam2024\" target=\"_blank\" rel=\"noopener\">https:\/\/jems3.sbc.org.br\/csbc2024-brasnam2024<\/a><\/strong>.<\/p><h2 style=\"text-align: left;\">\u00a0<\/h2><h2 style=\"text-align: left;\"><strong>Datas Importantes<\/strong><\/h2><ul style=\"text-align: left;\"><li>Limite para submiss\u00e3o de trabalhos: <del>04\/03\/2024<\/del> <del>24\/03\/2024<\/del>\u00a003\/04\/2024<\/li><li>Divulga\u00e7\u00e3o dos resultados: 15\/05\/2024<\/li><li>Envio das vers\u00f5es finais dos artigos: 24\/05\/2024<\/li><li>Prazo de inscri\u00e7\u00e3o dos autores: 05\/06\/2024<\/li><\/ul><h2 style=\"text-align: left;\">\u00a0<\/h2><h2 style=\"text-align: left;\"><strong>Inscri\u00e7\u00e3o de Autores<\/strong><strong>\u00a0<\/strong><\/h2><p style=\"text-align: left;\">Para que um artigo aceito seja apresentado e inclu\u00eddo nos anais do evento, \u00e9 necess\u00e1rio que ao menos um dos autores do artigo realize a sua inscri\u00e7\u00e3o no evento na categoria profissional. Cada inscri\u00e7\u00e3o na categoria profissional d\u00e1 direito \u00e0 publica\u00e7\u00e3o de um \u00fanico artigo, considerando qualquer um dos eventos-base ou eventos-sat\u00e9lite do CSBC. Autores com mais de um artigo aprovado em qualquer evento do CSBC dever\u00e3o pagar uma \u201ctaxa de publica\u00e7\u00e3o\u201d por artigo adicional. O valor dessa taxa pode ser visto na p\u00e1gina de inscri\u00e7\u00f5es do CSBC 2024.<\/p><h2 style=\"text-align: left;\">\u00a0<\/h2><h2 style=\"text-align: left;\">Publica\u00e7\u00e3o de Trabalhos<\/h2><p style=\"text-align: left;\">Os artigos aceitos ser\u00e3o publicados na <em>SBC Open Lib<\/em>, a biblioteca digital da SBC, na s\u00e9rie <em>Anais Brazilian Workshop on Social Network Analysis and Mining (BraSNAM)<\/em>, <em>ISSN 2595-6094<\/em>, dispon\u00edvel em <a href=\"https:\/\/sol.sbc.org.br\/index.php\/brasnam\" target=\"_blank\" rel=\"noopener\"><strong>https:\/\/sol.sbc.org.br\/index.php\/brasnam<\/strong><\/a>. Todos os artigos ser\u00e3o indexados com DOI.<\/p><h2 style=\"text-align: left;\">\u00a0<\/h2><h2 style=\"text-align: left;\"><strong>Contato<\/strong><\/h2><ul><li style=\"text-align: left;\">Carolina Ribeiro Xavier <strong><a href=\"mailto:carolinaxavier@ufsj.edu.br\" target=\"_blank\" rel=\"noopener\">carolinaxavier@ufsj.edu.br<\/a><\/strong><\/li><li style=\"text-align: left;\">Valdemar Vicente Graciano Neto <a href=\"mailto:valdemarneto@ufg.br\" target=\"_blank\" rel=\"noopener\"><strong>valdemarneto@ufg.br<\/strong><\/a><\/li><\/ul>\t\t\t\t\t\t\t\t<\/div>\n\t\t\t\t<\/div>\n\t\t\t\t\t<\/div>\n\t\t\t\t<\/div>\n\t\t\t\t<\/div>\n\t\t","protected":false},"excerpt":{"rendered":"<p>BraSNAM &#8211; 13\u00ba Workshop Brasileiro de An\u00e1lise de Redes Sociais e Minera\u00e7\u00e3o Local e Programa\u00e7\u00e3o Local: T\u00e9rreo &#8211; Sala Cajuzinho Acesse a Programa\u00e7\u00e3o e Mais Informa\u00e7\u00f5es sobre o Evento:&nbsp; BraSNAM 2024 &nbsp; Sobre o Evento O XIII Workshop Brasileiro de An\u00e1lise de Redes Sociais e Minera\u00e7\u00e3o (BraSNAM 2024) ser\u00e1 realizado em conjunto com o 44\u00ba [&hellip;]<\/p>\n","protected":false},"author":7,"featured_media":5266,"parent":0,"menu_order":0,"comment_status":"closed","ping_status":"closed","template":"","meta":{"ocean_post_layout":"","ocean_both_sidebars_style":"","ocean_both_sidebars_content_width":0,"ocean_both_sidebars_sidebars_width":0,"ocean_sidebar":"","ocean_second_sidebar":"","ocean_disable_margins":"enable","ocean_add_body_class":"","ocean_shortcode_before_top_bar":"","ocean_shortcode_after_top_bar":"","ocean_shortcode_before_header":"","ocean_shortcode_after_header":"","ocean_has_shortcode":"","ocean_shortcode_after_title":"","ocean_shortcode_before_footer_widgets":"","ocean_shortcode_after_footer_widgets":"","ocean_shortcode_before_footer_bottom":"","ocean_shortcode_after_footer_bottom":"","ocean_display_top_bar":"default","ocean_display_header":"default","ocean_header_style":"","ocean_center_header_left_menu":"","ocean_custom_header_template":"","ocean_custom_logo":0,"ocean_custom_retina_logo":0,"ocean_custom_logo_max_width":0,"ocean_custom_logo_tablet_max_width":0,"ocean_custom_logo_mobile_max_width":0,"ocean_custom_logo_max_height":0,"ocean_custom_logo_tablet_max_height":0,"ocean_custom_logo_mobile_max_height":0,"ocean_header_custom_menu":"","ocean_menu_typo_font_family":"","ocean_menu_typo_font_subset":"","ocean_menu_typo_font_size":0,"ocean_menu_typo_font_size_tablet":0,"ocean_menu_typo_font_size_mobile":0,"ocean_menu_typo_font_size_unit":"px","ocean_menu_typo_font_weight":"","ocean_menu_typo_font_weight_tablet":"","ocean_menu_typo_font_weight_mobile":"","ocean_menu_typo_transform":"","ocean_menu_typo_transform_tablet":"","ocean_menu_typo_transform_mobile":"","ocean_menu_typo_line_height":0,"ocean_menu_typo_line_height_tablet":0,"ocean_menu_typo_line_height_mobile":0,"ocean_menu_typo_line_height_unit":"","ocean_menu_typo_spacing":0,"ocean_menu_typo_spacing_tablet":0,"ocean_menu_typo_spacing_mobile":0,"ocean_menu_typo_spacing_unit":"","ocean_menu_link_color":"","ocean_menu_link_color_hover":"","ocean_menu_link_color_active":"","ocean_menu_link_background":"","ocean_menu_link_hover_background":"","ocean_menu_link_active_background":"","ocean_menu_social_links_bg":"","ocean_menu_social_hover_links_bg":"","ocean_menu_social_links_color":"","ocean_menu_social_hover_links_color":"","ocean_disable_title":"default","ocean_disable_heading":"default","ocean_post_title":"","ocean_post_subheading":"","ocean_post_title_style":"","ocean_post_title_background_color":"","ocean_post_title_background":0,"ocean_post_title_bg_image_position":"","ocean_post_title_bg_image_attachment":"","ocean_post_title_bg_image_repeat":"","ocean_post_title_bg_image_size":"","ocean_post_title_height":0,"ocean_post_title_bg_overlay":0.5,"ocean_post_title_bg_overlay_color":"","ocean_disable_breadcrumbs":"default","ocean_breadcrumbs_color":"","ocean_breadcrumbs_separator_color":"","ocean_breadcrumbs_links_color":"","ocean_breadcrumbs_links_hover_color":"","ocean_display_footer_widgets":"default","ocean_display_footer_bottom":"default","ocean_custom_footer_template":"","_joinchat":[],"footnotes":""},"class_list":["post-7592","page","type-page","status-publish","has-post-thumbnail","hentry","entry","has-media"],"_links":{"self":[{"href":"https:\/\/csbc.sbc.org.br\/2024\/wp-json\/wp\/v2\/pages\/7592","targetHints":{"allow":["GET"]}}],"collection":[{"href":"https:\/\/csbc.sbc.org.br\/2024\/wp-json\/wp\/v2\/pages"}],"about":[{"href":"https:\/\/csbc.sbc.org.br\/2024\/wp-json\/wp\/v2\/types\/page"}],"author":[{"embeddable":true,"href":"https:\/\/csbc.sbc.org.br\/2024\/wp-json\/wp\/v2\/users\/7"}],"replies":[{"embeddable":true,"href":"https:\/\/csbc.sbc.org.br\/2024\/wp-json\/wp\/v2\/comments?post=7592"}],"version-history":[{"count":151,"href":"https:\/\/csbc.sbc.org.br\/2024\/wp-json\/wp\/v2\/pages\/7592\/revisions"}],"predecessor-version":[{"id":15349,"href":"https:\/\/csbc.sbc.org.br\/2024\/wp-json\/wp\/v2\/pages\/7592\/revisions\/15349"}],"wp:featuredmedia":[{"embeddable":true,"href":"https:\/\/csbc.sbc.org.br\/2024\/wp-json\/wp\/v2\/media\/5266"}],"wp:attachment":[{"href":"https:\/\/csbc.sbc.org.br\/2024\/wp-json\/wp\/v2\/media?parent=7592"}],"curies":[{"name":"wp","href":"https:\/\/api.w.org\/{rel}","templated":true}]}}