{"id":17005,"date":"2026-01-26T13:32:22","date_gmt":"2026-01-26T16:32:22","guid":{"rendered":"https:\/\/csbc.sbc.org.br\/2026\/?page_id=17005"},"modified":"2026-03-20T12:27:02","modified_gmt":"2026-03-20T15:27:02","slug":"pesquisa-nuvem","status":"publish","type":"page","link":"https:\/\/csbc.sbc.org.br\/2026\/pesquisa-nuvem\/","title":{"rendered":"Pesquisa@Nuvem &#8211; Simp\u00f3sio de Infraestrutura Digital\/Nuvem para Pesquisa"},"content":{"rendered":"\t\t<div data-elementor-type=\"wp-page\" data-elementor-id=\"17005\" class=\"elementor elementor-17005\">\n\t\t\t\t<div class=\"elementor-element elementor-element-0a3ba60 e-flex e-con-boxed e-con e-parent\" data-id=\"0a3ba60\" data-element_type=\"container\" data-e-type=\"container\">\n\t\t\t\t\t<div class=\"e-con-inner\">\n\t\t\t\t<div class=\"elementor-element elementor-element-67e0fc4 elementor-widget elementor-widget-heading\" data-id=\"67e0fc4\" data-element_type=\"widget\" data-e-type=\"widget\" data-widget_type=\"heading.default\">\n\t\t\t\t<div class=\"elementor-widget-container\">\n\t\t\t\t\t<h1 class=\"elementor-heading-title elementor-size-default\">Pesquisa@Nuvem<span style=\"font-weight:normal;line-height:1.1em\"> - 1\u00ba Simp\u00f3sio de Infraestrutura Digital\/Nuvem para Pesquisa\n<\/span><\/h1>\t\t\t\t<\/div>\n\t\t\t\t<\/div>\n\t\t\t\t\t<\/div>\n\t\t\t\t<\/div>\n\t\t<div class=\"elementor-element elementor-element-0ea5134 e-flex e-con-boxed elementor-invisible e-con e-parent\" data-id=\"0ea5134\" data-element_type=\"container\" data-e-type=\"container\" data-settings=\"{&quot;animation&quot;:&quot;fadeIn&quot;}\">\n\t\t\t\t\t<div class=\"e-con-inner\">\n\t\t\t\t<div class=\"elementor-element elementor-element-954ffb2 elementor-widget elementor-widget-spacer\" data-id=\"954ffb2\" data-element_type=\"widget\" data-e-type=\"widget\" data-widget_type=\"spacer.default\">\n\t\t\t\t<div class=\"elementor-widget-container\">\n\t\t\t\t\t\t\t<div class=\"elementor-spacer\">\n\t\t\t<div class=\"elementor-spacer-inner\"><\/div>\n\t\t<\/div>\n\t\t\t\t\t\t<\/div>\n\t\t\t\t<\/div>\n\t\t\t\t<div class=\"elementor-element elementor-element-360f452 elementor-widget elementor-widget-heading\" data-id=\"360f452\" data-element_type=\"widget\" data-e-type=\"widget\" data-widget_type=\"heading.default\">\n\t\t\t\t<div class=\"elementor-widget-container\">\n\t\t\t\t\t<h2 class=\"elementor-heading-title elementor-size-default\">Sobre o evento<\/h2>\t\t\t\t<\/div>\n\t\t\t\t<\/div>\n\t\t\t\t<div class=\"elementor-element elementor-element-383609b elementor-widget elementor-widget-text-editor\" data-id=\"383609b\" data-element_type=\"widget\" data-e-type=\"widget\" data-widget_type=\"text-editor.default\">\n\t\t\t\t<div class=\"elementor-widget-container\">\n\t\t\t\t\t\t\t\t\t<p>O Pesquisa@Nuvem \u2013 Simp\u00f3sio de Infraestrutura Digital\/Nuvem para Pesquisa realiza sua 1\u00aa edi\u00e7\u00e3o como evento sat\u00e9lite do Congresso da Sociedade Brasileira de Computa\u00e7\u00e3o (CSBC 2026), com o objetivo de promover discuss\u00f5es, apresenta\u00e7\u00f5es e trocas de experi\u00eancias sobre o uso de computa\u00e7\u00e3o em nuvem aplicada \u00e0 pesquisa cient\u00edfica.<\/p><p>O Pesquisa@Nuvem surge em um contexto estrat\u00e9gico alinhado a iniciativa da RNP, de desenvolvimento de servi\u00e7os de nuvem para pesquisadores e com o objetivo de promover discuss\u00f5es, apresenta\u00e7\u00f5es e trocas de experi\u00eancias sobre o uso de computa\u00e7\u00e3o em nuvem aplicada \u00e0 pesquisa cient\u00edfica.<\/p><p>O Pesquisa@Nuvem ser\u00e1 realizado em formato de painel interativo, com apresenta\u00e7\u00f5es de artigos cient\u00edficos, demonstra\u00e7\u00f5es pr\u00e1ticas e oficinas tem\u00e1ticas, privilegiando uma abordagem peer-to-peer entre pesquisadores, sem vi\u00e9s comercial, focada em benef\u00edcios concretos para a ci\u00eancia.<\/p>\t\t\t\t\t\t\t\t<\/div>\n\t\t\t\t<\/div>\n\t\t\t\t<div class=\"elementor-element elementor-element-5a28d82 elementor-widget elementor-widget-heading\" data-id=\"5a28d82\" data-element_type=\"widget\" data-e-type=\"widget\" data-widget_type=\"heading.default\">\n\t\t\t\t<div class=\"elementor-widget-container\">\n\t\t\t\t\t<h2 class=\"elementor-heading-title elementor-size-default\">T\u00f3picos de Interesse<\/h2>\t\t\t\t<\/div>\n\t\t\t\t<\/div>\n\t\t\t\t<div class=\"elementor-element elementor-element-7ba31a3 elementor-widget elementor-widget-text-editor\" data-id=\"7ba31a3\" data-element_type=\"widget\" data-e-type=\"widget\" data-widget_type=\"text-editor.default\">\n\t\t\t\t<div class=\"elementor-widget-container\">\n\t\t\t\t\t\t\t\t\t<p>Considerando a parceria com a AWS, os trabalhos submetidos devem explorar a utiliza\u00e7\u00e3o de servi\u00e7os da AWS como parte da proposta t\u00e9cnica, seja na implementa\u00e7\u00e3o, avalia\u00e7\u00e3o experimental ou valida\u00e7\u00e3o dos resultados apresentados.<\/p>\n<p>O evento convida \u00e0 submiss\u00e3o de trabalhos relacionados, mas n\u00e3o limitados, aos seguintes t\u00f3picos:<\/p>\n<ul>\n<li aria-level=\"1\">Sustentabilidade e efici\u00eancia energ\u00e9tica em computa\u00e7\u00e3o em nuvem;<\/li>\n<li aria-level=\"1\">Infraestrutura em nuvem para pesquisa cient\u00edfica;<\/li>\n<li aria-level=\"1\">Computa\u00e7\u00e3o de Alto Desempenho (HPC) em nuvem;<\/li>\n<li aria-level=\"1\">Intelig\u00eancia Artificial e Machine Learning aplicados \u00e0 pesquisa em nuvem;<\/li>\n<li aria-level=\"1\">An\u00e1lise de dados em larga escala (Big Data) em nuvem;<\/li>\n<li aria-level=\"1\">Bioinform\u00e1tica e sequenciamento gen\u00f4mico utilizando nuvem;<\/li>\n<li aria-level=\"1\">Simula\u00e7\u00f5es computacionais e modelagem em nuvem;<\/li>\n<li aria-level=\"1\">Seguran\u00e7a, privacidade e conformidade de dados de pesquisa na nuvem;<\/li>\n<li aria-level=\"1\">Arquiteturas e boas pr\u00e1ticas para aplica\u00e7\u00f5es cient\u00edficas em nuvem;<\/li>\n<li aria-level=\"1\">Acesso aberto a dados e infraestrutura de pesquisa baseada em nuvem;<\/li>\n<\/ul>\t\t\t\t\t\t\t\t<\/div>\n\t\t\t\t<\/div>\n\t\t\t\t<div class=\"elementor-element elementor-element-4d8696b elementor-widget elementor-widget-heading\" data-id=\"4d8696b\" data-element_type=\"widget\" data-e-type=\"widget\" data-widget_type=\"heading.default\">\n\t\t\t\t<div class=\"elementor-widget-container\">\n\t\t\t\t\t<h2 class=\"elementor-heading-title elementor-size-default\">Instru\u00e7\u00f5es de Submiss\u00e3o<\/h2>\t\t\t\t<\/div>\n\t\t\t\t<\/div>\n\t\t\t\t<div class=\"elementor-element elementor-element-5d5260e elementor-widget elementor-widget-text-editor\" data-id=\"5d5260e\" data-element_type=\"widget\" data-e-type=\"widget\" data-widget_type=\"text-editor.default\">\n\t\t\t\t<div class=\"elementor-widget-container\">\n\t\t\t\t\t\t\t\t\t<p>Os artigos dever\u00e3o ser escritos em portugu\u00eas ou ingl\u00eas, seguindo o modelo para artigos publicados em anais de eventos da SBC OpenLib, dispon\u00edvel em <a href=\"https:\/\/www.sbc.org.br\/documentosinstitucionais\/#publicacoes\">https:\/\/www.sbc.org.br\/documentosinstitucionais\/#publicacoes<\/a>.<\/p>\n<p>Os trabalhos submetidos <strong data-start=\"391\" data-end=\"442\">devem obrigatoriamente utilizar servi\u00e7os da AWS<\/strong> como parte central da metodologia, implementa\u00e7\u00e3o ou avalia\u00e7\u00e3o experimental. Artigos que n\u00e3o fa\u00e7am uso efetivo da AWS <strong data-start=\"560\" data-end=\"601\">n\u00e3o ser\u00e3o considerados para avalia\u00e7\u00e3o<\/strong>.<\/p>\n<p>Em atendimento ao C\u00f3digo de Conduta para autores da SBC, \u201co uso de ferramentas de Intelig\u00eancia Artificial (IA) Generativa na escrita e\/ou revis\u00e3o do conte\u00fado de artigos deve ser declarada explicitamente no trabalho\u201d. As pessoas autoras devem listar as ferramentas e descrever onde foram empregadas, por exemplo, textos, tabelas, gr\u00e1ficos, cita\u00e7\u00f5es, etc. Essas ferramentas n\u00e3o podem ser listadas como autores de um artigo. O uso de tais ferramentas n\u00e3o exime os autores da responsabilidade sobre todo o seu conte\u00fado, inclusive no caso de ser identificado pl\u00e1gio\u201d. Nas submiss\u00f5es ao Pesquisa@Nuvem, esta declara\u00e7\u00e3o deve ser feita em uma se\u00e7\u00e3o ao final do artigo, com o t\u00edtulo de \u201cDeclara\u00e7\u00e3o sobre uso de Intelig\u00eancia Artificial\u201d. Em casos de tais ferramentas n\u00e3o terem sido usadas, isso deve ser declarado nesta mesma se\u00e7\u00e3o.<\/p>\n<p>As submiss\u00f5es dever\u00e3o ser feitas via Sistema JEMS: <a href=\"https:\/\/jems3.sbc.org.br\/pesquisa-nuvem2026\">https:\/\/jems3.sbc.org.br\/pesquisa-nuvem2026<\/a>\u00a0<\/p>\n<p>O evento ter\u00e1 duas categorias de submiss\u00e3o:\u00a0<\/p>\n<ul>\n<li aria-level=\"1\">Artigos Longos (no m\u00e1ximo 8 p\u00e1ginas): resultados originais ou relatos de experi\u00eancia, sem contabilizar a se\u00e7\u00e3o sobre o uso de IA nem as p\u00e1ginas com refer\u00eancias.\u00a0<\/li>\n<li aria-level=\"1\">Artigos Curtos (no m\u00e1ximo 4 p\u00e1ginas): resultados preliminares ou projetos em desenvolvimento, sem contabilizar a se\u00e7\u00e3o sobre o uso de IA nem as p\u00e1ginas com refer\u00eancias.\u00a0<\/li>\n<\/ul>\n<p>Os artigos n\u00e3o s\u00e3o an\u00f4nimos, portanto os nomes das pessoas autoras devem ser inclu\u00eddos.<\/p>\n<p>Os trabalhos ser\u00e3o avaliados por um <b>Comit\u00ea de Programa<\/b> composto po r pesquisadores com experi\u00eancia em computa\u00e7\u00e3o em nuvem, considerando qualidade t\u00e9cnica, relev\u00e2ncia cient\u00edfica e ader\u00eancia aos t\u00f3picos do evento.<\/p>\n<p>Artigos ser\u00e3o rejeitados sem revis\u00e3o (rejei\u00e7\u00e3o de mesa) se n\u00e3o estiverem em conformidade com o formato exigido ou n\u00e3o se enquadrarem em Computa\u00e7\u00e3o em Nuvem (ou seja, n\u00e3o se adequarem ao tema do evento).<\/p>\t\t\t\t\t\t\t\t<\/div>\n\t\t\t\t<\/div>\n\t\t\t\t<div class=\"elementor-element elementor-element-d5930c4 elementor-widget elementor-widget-heading\" data-id=\"d5930c4\" data-element_type=\"widget\" data-e-type=\"widget\" data-widget_type=\"heading.default\">\n\t\t\t\t<div class=\"elementor-widget-container\">\n\t\t\t\t\t<h2 class=\"elementor-heading-title elementor-size-default\">Apresenta\u00e7\u00e3o e Publica\u00e7\u00e3o dos Trabalhos<\/h2>\t\t\t\t<\/div>\n\t\t\t\t<\/div>\n\t\t\t\t<div class=\"elementor-element elementor-element-edafe87 elementor-widget elementor-widget-text-editor\" data-id=\"edafe87\" data-element_type=\"widget\" data-e-type=\"widget\" data-widget_type=\"text-editor.default\">\n\t\t\t\t<div class=\"elementor-widget-container\">\n\t\t\t\t\t\t\t\t\t<p>Os artigos aceitos ser\u00e3o publicados na SBC Open Lib, a biblioteca digital da SBC, nos Anais do Simp\u00f3sio de Infraestrutura Digital\/Nuvem para Pesquisa (Pesquisa@Nuvem). Todos os artigos ser\u00e3o indexados com DOI. Os trabalhos aceitos dever\u00e3o ser apresentados presencialmente no evento. Para que um artigo seja publicado nos Anais do Pesquisa@Nuvem, \u00e9 obrigat\u00f3rio que (i) pelo menos um dos autores realize a apresenta\u00e7\u00e3o do trabalho; (ii) o autor apresentador esteja regularmente inscrito no CSBC 2026.<\/p><p>Est\u00e1 prevista a realiza\u00e7\u00e3o de sess\u00f5es t\u00e9cnicas de apresenta\u00e7\u00e3o de artigos, al\u00e9m de demonstra\u00e7\u00f5es pr\u00e1ticas integradas ao evento. Tamb\u00e9m ser\u00e1 considerada uma premia\u00e7\u00e3o para os melhores trabalhos, a ser anunciado em breve.<\/p>\t\t\t\t\t\t\t\t<\/div>\n\t\t\t\t<\/div>\n\t\t\t\t<div class=\"elementor-element elementor-element-02d4bab elementor-widget elementor-widget-heading\" data-id=\"02d4bab\" data-element_type=\"widget\" data-e-type=\"widget\" data-widget_type=\"heading.default\">\n\t\t\t\t<div class=\"elementor-widget-container\">\n\t\t\t\t\t<h2 class=\"elementor-heading-title elementor-size-default\">Premia\u00e7\u00e3o<\/h2>\t\t\t\t<\/div>\n\t\t\t\t<\/div>\n\t\t\t\t<div class=\"elementor-element elementor-element-831fe9e elementor-widget elementor-widget-text-editor\" data-id=\"831fe9e\" data-element_type=\"widget\" data-e-type=\"widget\" data-widget_type=\"text-editor.default\">\n\t\t\t\t<div class=\"elementor-widget-container\">\n\t\t\t\t\t\t\t\t\t<p>Dentre os trabalhos selecionados ser\u00e3o premiados at\u00e9 3 (tr\u00eas) trabalhos, correspondentes aos 3 (tr\u00eas) melhores trabalhos, tendo pelo menos 1 (um) artigo longo e 1 (um) artigo curto. Haver\u00e1 tamb\u00e9m duas men\u00e7\u00f5es honrosas, uma para cada categoria. Os trabalhos premiados receber\u00e3o cr\u00e9ditos de nuvem para pesquisa da AWS (USD 5000,00 para o primeiro colocado, USD 2500,00 para o segundo colocado e USD 1500,00 para o terceiro colocado), independente da categoria. Os cr\u00e9ditos poder\u00e3o ser utilizados para continuidade dos projetos premiados ou outros, \u00e0 crit\u00e9rio do pesquisador. \u00c9 obrigat\u00f3rio ter um AWS ID v\u00e1lido em nome do pesquisador ou do grupo de pesquisa, com email institucional como email da conta e seguir as pol\u00edticas de uso de cr\u00e9ditos de nuvem da AWS. O an\u00fancio da premia\u00e7\u00e3o ser\u00e1 realizado conforme programa\u00e7\u00e3o do evento e \u00e9 obrigat\u00f3rio que os concorrentes estejam presentes durante a premia\u00e7\u00e3o.<\/p>\t\t\t\t\t\t\t\t<\/div>\n\t\t\t\t<\/div>\n\t\t\t\t<div class=\"elementor-element elementor-element-423a415 elementor-widget elementor-widget-heading\" data-id=\"423a415\" data-element_type=\"widget\" data-e-type=\"widget\" data-widget_type=\"heading.default\">\n\t\t\t\t<div class=\"elementor-widget-container\">\n\t\t\t\t\t<h2 class=\"elementor-heading-title elementor-size-default\">Inscri\u00e7\u00e3o no Evento<\/h2>\t\t\t\t<\/div>\n\t\t\t\t<\/div>\n\t\t\t\t<div class=\"elementor-element elementor-element-53783b4 elementor-widget elementor-widget-text-editor\" data-id=\"53783b4\" data-element_type=\"widget\" data-e-type=\"widget\" data-widget_type=\"text-editor.default\">\n\t\t\t\t<div class=\"elementor-widget-container\">\n\t\t\t\t\t\t\t\t\t<p style=\"font-variant-ligatures: normal; font-variant-caps: normal; font-family: 'Noto Sans', sans-serif; font-size: 16px; font-style: normal; font-weight: 400; color: #000000; text-align: justify;\">A inscri\u00e7\u00e3o no Pesquisa@Nuvem 2026 segue as regras gerais de inscri\u00e7\u00e3o do CSBC 2026. Para apresenta\u00e7\u00e3o de trabalhos aceitos, \u00e9 obrigat\u00f3ria a inscri\u00e7\u00e3o de pelo menos um autor no congresso.<\/p>\t\t\t\t\t\t\t\t<\/div>\n\t\t\t\t<\/div>\n\t\t\t\t<div class=\"elementor-element elementor-element-17dfd53 elementor-widget elementor-widget-heading\" data-id=\"17dfd53\" data-element_type=\"widget\" data-e-type=\"widget\" data-widget_type=\"heading.default\">\n\t\t\t\t<div class=\"elementor-widget-container\">\n\t\t\t\t\t<h2 class=\"elementor-heading-title elementor-size-default\">Datas Importantes<\/h2>\t\t\t\t<\/div>\n\t\t\t\t<\/div>\n\t\t\t\t<div class=\"elementor-element elementor-element-40639e9 elementor-widget elementor-widget-text-editor\" data-id=\"40639e9\" data-element_type=\"widget\" data-e-type=\"widget\" data-widget_type=\"text-editor.default\">\n\t\t\t\t<div class=\"elementor-widget-container\">\n\t\t\t\t\t\t\t\t\t<ul style=\"font-variant-ligatures: normal; font-variant-caps: normal; font-family: 'Noto Sans', sans-serif; font-size: 16px; font-style: normal; font-weight: 400; color: #000000; text-align: justify;\"><li style=\"font-size: 16px;\" aria-level=\"1\">Prazo para submiss\u00e3o dos trabalhos:<span style=\"color: #ff0000;\"> <span style=\"font-size: 16px; font-weight: 600;\">30 de mar\u00e7o de 2026 (PRAZO FINAL)<\/span><\/span><\/li><li style=\"font-size: 16px;\" aria-level=\"1\">Divulga\u00e7\u00e3o dos resultados:\u00a0<span style=\"font-size: 16px; font-weight: 600;\">04 de maio de 2026<\/span><\/li><li style=\"font-size: 16px;\" aria-level=\"1\">Envio das vers\u00f5es finais dos artigos:\u00a0<span style=\"font-size: 16px; font-weight: 600;\">18 de maio de 2026<\/span><\/li><li style=\"font-size: 16px;\" aria-level=\"1\">Prazo de inscri\u00e7\u00e3o dos autores:\u00a0<span style=\"font-size: 16px; font-weight: 600;\">18 de maio de 2026<\/span><\/li><li style=\"font-size: 16px;\" aria-level=\"1\">CSBC 2026:\u00a0<span style=\"font-size: 16px; font-weight: 600;\">19 a 23 de julho de 2026<\/span><\/li><\/ul>\t\t\t\t\t\t\t\t<\/div>\n\t\t\t\t<\/div>\n\t\t\t\t<div class=\"elementor-element elementor-element-85162dd elementor-widget elementor-widget-heading\" data-id=\"85162dd\" data-element_type=\"widget\" data-e-type=\"widget\" data-widget_type=\"heading.default\">\n\t\t\t\t<div class=\"elementor-widget-container\">\n\t\t\t\t\t<h2 class=\"elementor-heading-title elementor-size-default\">Coordena\u00e7\u00e3o<\/h2>\t\t\t\t<\/div>\n\t\t\t\t<\/div>\n\t\t\t\t<div class=\"elementor-element elementor-element-ada11ce elementor-widget elementor-widget-text-editor\" data-id=\"ada11ce\" data-element_type=\"widget\" data-e-type=\"widget\" data-widget_type=\"text-editor.default\">\n\t\t\t\t<div class=\"elementor-widget-container\">\n\t\t\t\t\t\t\t\t\t<ul style=\"font-variant-ligatures: normal; font-variant-caps: normal; font-family: 'Noto Sans', sans-serif; font-size: 16px; font-style: normal; font-weight: 400; color: #000000; text-align: justify;\">\n<li aria-level=\"1\">Leonardo Chaves Dutra da Rocha (UFSJ) &#8211; Coordenador Geral<\/li>\n<li aria-level=\"1\">Lucilaine de Noffri\u00a0 (RNP) &#8211; Coordenadora Geral<\/li>\n<li aria-level=\"1\">Rubem Paulo Torri Saldanha (AWS) &#8211; Coordenador Geral<\/li>\n<li aria-level=\"1\">Patricia Takako Endo (UPE) &#8211; Coordenadora de Comit\u00ea de Programa<\/li>\n<li aria-level=\"1\">Helio Rubens Soares (AWS) &#8211; Coordenador de Comit\u00ea de Programa<\/li>\n<\/ul>\t\t\t\t\t\t\t\t<\/div>\n\t\t\t\t<\/div>\n\t\t\t\t<div class=\"elementor-element elementor-element-f5c8995 elementor-widget elementor-widget-heading\" data-id=\"f5c8995\" data-element_type=\"widget\" data-e-type=\"widget\" data-widget_type=\"heading.default\">\n\t\t\t\t<div class=\"elementor-widget-container\">\n\t\t\t\t\t<h2 class=\"elementor-heading-title elementor-size-default\">Comit\u00ea de Programa<\/h2>\t\t\t\t<\/div>\n\t\t\t\t<\/div>\n\t\t\t\t<div class=\"elementor-element elementor-element-f337d70 elementor-widget elementor-widget-text-editor\" data-id=\"f337d70\" data-element_type=\"widget\" data-e-type=\"widget\" data-widget_type=\"text-editor.default\">\n\t\t\t\t<div class=\"elementor-widget-container\">\n\t\t\t\t\t\t\t\t\t<p>Em constru\u00e7\u00e3o.<\/p>\t\t\t\t\t\t\t\t<\/div>\n\t\t\t\t<\/div>\n\t\t\t\t\t<\/div>\n\t\t\t\t<\/div>\n\t\t\t\t<\/div>\n\t\t","protected":false},"excerpt":{"rendered":"<p>Pesquisa@Nuvem &#8211; 1\u00ba Simp\u00f3sio de Infraestrutura Digital\/Nuvem para Pesquisa Sobre o evento O Pesquisa@Nuvem \u2013 Simp\u00f3sio de Infraestrutura Digital\/Nuvem para Pesquisa realiza sua 1\u00aa edi\u00e7\u00e3o como evento sat\u00e9lite do Congresso da Sociedade Brasileira de Computa\u00e7\u00e3o (CSBC 2026), com o objetivo de promover discuss\u00f5es, apresenta\u00e7\u00f5es e trocas de experi\u00eancias sobre o uso de computa\u00e7\u00e3o em nuvem [&hellip;]<\/p>\n","protected":false},"author":8,"featured_media":0,"parent":0,"menu_order":0,"comment_status":"closed","ping_status":"closed","template":"","meta":{"ocean_post_layout":"","ocean_both_sidebars_style":"","ocean_both_sidebars_content_width":0,"ocean_both_sidebars_sidebars_width":0,"ocean_sidebar":"","ocean_second_sidebar":"","ocean_disable_margins":"enable","ocean_add_body_class":"","ocean_shortcode_before_top_bar":"","ocean_shortcode_after_top_bar":"","ocean_shortcode_before_header":"","ocean_shortcode_after_header":"","ocean_has_shortcode":"","ocean_shortcode_after_title":"","ocean_shortcode_before_footer_widgets":"","ocean_shortcode_after_footer_widgets":"","ocean_shortcode_before_footer_bottom":"","ocean_shortcode_after_footer_bottom":"","ocean_display_top_bar":"default","ocean_display_header":"default","ocean_header_style":"","ocean_center_header_left_menu":"","ocean_custom_header_template":"","ocean_custom_logo":0,"ocean_custom_retina_logo":0,"ocean_custom_logo_max_width":0,"ocean_custom_logo_tablet_max_width":0,"ocean_custom_logo_mobile_max_width":0,"ocean_custom_logo_max_height":0,"ocean_custom_logo_tablet_max_height":0,"ocean_custom_logo_mobile_max_height":0,"ocean_header_custom_menu":"","ocean_menu_typo_font_family":"","ocean_menu_typo_font_subset":"","ocean_menu_typo_font_size":0,"ocean_menu_typo_font_size_tablet":0,"ocean_menu_typo_font_size_mobile":0,"ocean_menu_typo_font_size_unit":"px","ocean_menu_typo_font_weight":"","ocean_menu_typo_font_weight_tablet":"","ocean_menu_typo_font_weight_mobile":"","ocean_menu_typo_transform":"","ocean_menu_typo_transform_tablet":"","ocean_menu_typo_transform_mobile":"","ocean_menu_typo_line_height":0,"ocean_menu_typo_line_height_tablet":0,"ocean_menu_typo_line_height_mobile":0,"ocean_menu_typo_line_height_unit":"","ocean_menu_typo_spacing":0,"ocean_menu_typo_spacing_tablet":0,"ocean_menu_typo_spacing_mobile":0,"ocean_menu_typo_spacing_unit":"","ocean_menu_link_color":"","ocean_menu_link_color_hover":"","ocean_menu_link_color_active":"","ocean_menu_link_background":"","ocean_menu_link_hover_background":"","ocean_menu_link_active_background":"","ocean_menu_social_links_bg":"","ocean_menu_social_hover_links_bg":"","ocean_menu_social_links_color":"","ocean_menu_social_hover_links_color":"","ocean_disable_title":"default","ocean_disable_heading":"default","ocean_post_title":"","ocean_post_subheading":"","ocean_post_title_style":"","ocean_post_title_background_color":"","ocean_post_title_background":0,"ocean_post_title_bg_image_position":"","ocean_post_title_bg_image_attachment":"","ocean_post_title_bg_image_repeat":"","ocean_post_title_bg_image_size":"","ocean_post_title_height":0,"ocean_post_title_bg_overlay":0.5,"ocean_post_title_bg_overlay_color":"","ocean_disable_breadcrumbs":"default","ocean_breadcrumbs_color":"","ocean_breadcrumbs_separator_color":"","ocean_breadcrumbs_links_color":"","ocean_breadcrumbs_links_hover_color":"","ocean_display_footer_widgets":"default","ocean_display_footer_bottom":"default","ocean_custom_footer_template":"","_joinchat":[],"footnotes":""},"class_list":["post-17005","page","type-page","status-publish","hentry","entry"],"_links":{"self":[{"href":"https:\/\/csbc.sbc.org.br\/2026\/wp-json\/wp\/v2\/pages\/17005","targetHints":{"allow":["GET"]}}],"collection":[{"href":"https:\/\/csbc.sbc.org.br\/2026\/wp-json\/wp\/v2\/pages"}],"about":[{"href":"https:\/\/csbc.sbc.org.br\/2026\/wp-json\/wp\/v2\/types\/page"}],"author":[{"embeddable":true,"href":"https:\/\/csbc.sbc.org.br\/2026\/wp-json\/wp\/v2\/users\/8"}],"replies":[{"embeddable":true,"href":"https:\/\/csbc.sbc.org.br\/2026\/wp-json\/wp\/v2\/comments?post=17005"}],"version-history":[{"count":28,"href":"https:\/\/csbc.sbc.org.br\/2026\/wp-json\/wp\/v2\/pages\/17005\/revisions"}],"predecessor-version":[{"id":17833,"href":"https:\/\/csbc.sbc.org.br\/2026\/wp-json\/wp\/v2\/pages\/17005\/revisions\/17833"}],"wp:attachment":[{"href":"https:\/\/csbc.sbc.org.br\/2026\/wp-json\/wp\/v2\/media?parent=17005"}],"curies":[{"name":"wp","href":"https:\/\/api.w.org\/{rel}","templated":true}]}}